CRAN Package Check Results for Package mnormpow

Last updated on 2020-01-27 00:48:08 CET.

Flavor Version Tinstall Tcheck Ttotal Status Flags
r-devel-linux-x86_64-debian-clang 0.1.1 2.82 17.14 19.96 NOTE
r-devel-linux-x86_64-debian-gcc 0.1.1 2.39 14.01 16.40 NOTE
r-devel-linux-x86_64-fedora-clang 0.1.1 25.63 NOTE
r-devel-linux-x86_64-fedora-gcc 0.1.1 25.11 NOTE
r-devel-windows-ix86+x86_64 0.1.1 17.00 52.00 69.00 NOTE
r-devel-windows-ix86+x86_64-gcc8 0.1.1 10.00 50.00 60.00 NOTE
r-patched-linux-x86_64 0.1.1 2.33 15.81 18.14 NOTE
r-patched-solaris-x86 0.1.1 38.50 NOTE
r-release-linux-x86_64 0.1.1 2.50 15.63 18.13 NOTE
r-release-windows-ix86+x86_64 0.1.1 8.00 45.00 53.00 NOTE
r-release-osx-x86_64 0.1.1 NOTE
r-oldrel-windows-ix86+x86_64 0.1.1 6.00 30.00 36.00 NOTE
r-oldrel-osx-x86_64 0.1.1 NOTE

Check Details

Version: 0.1.1
Check: R code for possible problems
Result: NOTE
    sadmvng: no visible global function definition for 'cov2cor'
    sadmvng: no visible global function definition for 'pnorm'
    Undefined global functions or variables:
     cov2cor pnorm
    Consider adding
     importFrom("stats", "cov2cor", "pnorm")
    to your NAMESPACE file.
Flavors: r-devel-linux-x86_64-debian-clang, r-devel-linux-x86_64-debian-gcc, r-devel-linux-x86_64-fedora-clang, r-devel-linux-x86_64-fedora-gcc, r-devel-windows-ix86+x86_64, r-devel-windows-ix86+x86_64-gcc8, r-patched-linux-x86_64, r-patched-solaris-x86, r-release-linux-x86_64, r-release-windows-ix86+x86_64, r-release-osx-x86_64, r-oldrel-windows-ix86+x86_64, r-oldrel-osx-x86_64

Version: 0.1.1
Check: compiled code
Result: NOTE
    File ‘mnormpow/libs/mnormpow.so’:
     Found no calls to: ‘R_registerRoutines’, ‘R_useDynamicSymbols’
    
    It is good practice to register native routines and to disable symbol
    search.
    
    See ‘Writing portable packages’ in the ‘Writing R Extensions’ manual.
Flavors: r-devel-linux-x86_64-fedora-clang, r-devel-linux-x86_64-fedora-gcc