Last updated on 2020-01-27 00:48:08 CET.
Flavor | Version | Tinstall | Tcheck | Ttotal | Status | Flags |
---|---|---|---|---|---|---|
r-devel-linux-x86_64-debian-clang | 1.0 | 152.85 | 86.51 | 239.36 | OK | |
r-devel-linux-x86_64-debian-gcc | 1.0 | 117.87 | 65.29 | 183.16 | OK | |
r-devel-linux-x86_64-fedora-clang | 1.0 | 330.85 | NOTE | |||
r-devel-linux-x86_64-fedora-gcc | 1.0 | 326.86 | OK | |||
r-devel-windows-ix86+x86_64 | 1.0 | 322.00 | 231.00 | 553.00 | OK | |
r-devel-windows-ix86+x86_64-gcc8 | 1.0 | 365.00 | 190.00 | 555.00 | OK | |
r-patched-linux-x86_64 | 1.0 | 136.89 | 76.53 | 213.42 | OK | |
r-patched-solaris-x86 | 1.0 | 268.00 | OK | |||
r-release-linux-x86_64 | 1.0 | 140.80 | 78.04 | 218.84 | OK | |
r-release-windows-ix86+x86_64 | 1.0 | 237.00 | 143.00 | 380.00 | OK | |
r-release-osx-x86_64 | 1.0 | NOTE | ||||
r-oldrel-windows-ix86+x86_64 | 1.0 | 215.00 | 138.00 | 353.00 | OK | |
r-oldrel-osx-x86_64 | 1.0 | NOTE |
Version: 1.0
Check: installed package size
Result: NOTE
installed size is 17.5Mb
sub-directories of 1Mb or more:
libs 17.2Mb
Flavors: r-devel-linux-x86_64-fedora-clang, r-release-osx-x86_64, r-oldrel-osx-x86_64