CRAN Package Check Results for Package mmm2

Last updated on 2020-01-27 00:48:08 CET.

Flavor Version Tinstall Tcheck Ttotal Status Flags
r-devel-linux-x86_64-debian-clang 1.2 1.68 21.16 22.84 NOTE
r-devel-linux-x86_64-debian-gcc 1.2 1.68 17.98 19.66 NOTE
r-devel-linux-x86_64-fedora-clang 1.2 29.71 NOTE
r-devel-linux-x86_64-fedora-gcc 1.2 29.22 NOTE
r-devel-windows-ix86+x86_64 1.2 9.00 51.00 60.00 NOTE
r-devel-windows-ix86+x86_64-gcc8 1.2 9.00 49.00 58.00 NOTE
r-patched-linux-x86_64 1.2 1.36 20.10 21.46 NOTE
r-patched-solaris-x86 1.2 49.10 NOTE
r-release-linux-x86_64 1.2 1.42 20.13 21.55 NOTE
r-release-windows-ix86+x86_64 1.2 5.00 50.00 55.00 NOTE
r-release-osx-x86_64 1.2 NOTE
r-oldrel-windows-ix86+x86_64 1.2 3.00 46.00 49.00 NOTE
r-oldrel-osx-x86_64 1.2 NOTE

Check Details

Version: 1.2
Check: DESCRIPTION meta-information
Result: NOTE
    Malformed Description field: should contain one or more complete sentences.
Flavors: r-devel-linux-x86_64-debian-clang, r-devel-linux-x86_64-debian-gcc, r-devel-linux-x86_64-fedora-clang, r-devel-linux-x86_64-fedora-gcc, r-devel-windows-ix86+x86_64, r-devel-windows-ix86+x86_64-gcc8, r-patched-linux-x86_64, r-patched-solaris-x86, r-release-linux-x86_64, r-release-windows-ix86+x86_64, r-release-osx-x86_64, r-oldrel-windows-ix86+x86_64, r-oldrel-osx-x86_64

Version: 1.2
Check: R code for possible problems
Result: NOTE
    mmm2: no visible global function definition for 'model.frame'
    mmm2: no visible global function definition for 'model.matrix'
    mmm2: no visible global function definition for 'model.response'
    mmm2: no visible global function definition for 'as.formula'
    Undefined global functions or variables:
     as.formula model.frame model.matrix model.response
    Consider adding
     importFrom("stats", "as.formula", "model.frame", "model.matrix",
     "model.response")
    to your NAMESPACE file.
Flavors: r-devel-linux-x86_64-debian-clang, r-devel-linux-x86_64-debian-gcc, r-devel-linux-x86_64-fedora-clang, r-devel-linux-x86_64-fedora-gcc, r-devel-windows-ix86+x86_64, r-devel-windows-ix86+x86_64-gcc8, r-patched-linux-x86_64, r-patched-solaris-x86, r-release-linux-x86_64, r-release-windows-ix86+x86_64, r-release-osx-x86_64, r-oldrel-windows-ix86+x86_64, r-oldrel-osx-x86_64