Last updated on 2020-01-27 00:48:08 CET.
Flavor | Version | Tinstall | Tcheck | Ttotal | Status | Flags |
---|---|---|---|---|---|---|
r-devel-linux-x86_64-debian-clang | 1.4 | 1.94 | 22.13 | 24.07 | NOTE | |
r-devel-linux-x86_64-debian-gcc | 1.4 | 1.55 | 18.32 | 19.87 | NOTE | |
r-devel-linux-x86_64-fedora-clang | 1.4 | 30.27 | NOTE | |||
r-devel-linux-x86_64-fedora-gcc | 1.4 | 29.75 | NOTE | |||
r-devel-windows-ix86+x86_64 | 1.4 | 9.00 | 52.00 | 61.00 | NOTE | |
r-devel-windows-ix86+x86_64-gcc8 | 1.4 | 9.00 | 50.00 | 59.00 | NOTE | |
r-patched-linux-x86_64 | 1.4 | 1.55 | 20.36 | 21.91 | NOTE | |
r-patched-solaris-x86 | 1.4 | 50.50 | NOTE | |||
r-release-linux-x86_64 | 1.4 | 1.45 | 20.25 | 21.70 | NOTE | |
r-release-windows-ix86+x86_64 | 1.4 | 5.00 | 50.00 | 55.00 | NOTE | |
r-release-osx-x86_64 | 1.4 | NOTE | ||||
r-oldrel-windows-ix86+x86_64 | 1.4 | 3.00 | 46.00 | 49.00 | NOTE | |
r-oldrel-osx-x86_64 | 1.4 | NOTE |
Version: 1.4
Check: package namespace information
Result: NOTE
Namespace with empty importFrom: 'gee'
Flavors: r-devel-linux-x86_64-debian-clang, r-devel-linux-x86_64-debian-gcc, r-devel-linux-x86_64-fedora-clang, r-devel-linux-x86_64-fedora-gcc, r-devel-windows-ix86+x86_64, r-devel-windows-ix86+x86_64-gcc8, r-patched-linux-x86_64, r-patched-solaris-x86, r-release-linux-x86_64, r-release-windows-ix86+x86_64, r-release-osx-x86_64, r-oldrel-windows-ix86+x86_64, r-oldrel-osx-x86_64
Version: 1.4
Check: DESCRIPTION meta-information
Result: NOTE
Malformed Description field: should contain one or more complete sentences.
Flavors: r-devel-linux-x86_64-debian-clang, r-devel-linux-x86_64-debian-gcc, r-devel-linux-x86_64-fedora-clang, r-devel-linux-x86_64-fedora-gcc, r-devel-windows-ix86+x86_64, r-devel-windows-ix86+x86_64-gcc8, r-patched-linux-x86_64, r-patched-solaris-x86, r-release-linux-x86_64, r-release-windows-ix86+x86_64, r-release-osx-x86_64, r-oldrel-windows-ix86+x86_64, r-oldrel-osx-x86_64
Version: 1.4
Check: R code for possible problems
Result: NOTE
mmm: no visible global function definition for 'model.frame'
mmm: no visible global function definition for 'model.matrix'
mmm: no visible global function definition for 'model.response'
mmm: no visible global function definition for 'as.formula'
mmm: no visible global function definition for 'gee'
Undefined global functions or variables:
as.formula gee model.frame model.matrix model.response
Consider adding
importFrom("stats", "as.formula", "model.frame", "model.matrix",
"model.response")
to your NAMESPACE file.
Flavors: r-devel-linux-x86_64-debian-clang, r-devel-linux-x86_64-debian-gcc, r-devel-linux-x86_64-fedora-clang, r-devel-linux-x86_64-fedora-gcc, r-devel-windows-ix86+x86_64, r-devel-windows-ix86+x86_64-gcc8, r-patched-linux-x86_64, r-patched-solaris-x86, r-release-linux-x86_64, r-release-windows-ix86+x86_64, r-release-osx-x86_64, r-oldrel-windows-ix86+x86_64, r-oldrel-osx-x86_64