CRAN Package Check Results for Package mlr3verse

Last updated on 2020-01-27 00:48:08 CET.

Flavor Version Tinstall Tcheck Ttotal Status Flags
r-devel-linux-x86_64-debian-clang 0.1.1 5.92 53.66 59.58 NOTE
r-devel-linux-x86_64-debian-gcc 0.1.1 5.64 42.12 47.76 NOTE
r-devel-linux-x86_64-fedora-clang 0.1.1 72.11 NOTE
r-devel-linux-x86_64-fedora-gcc 0.1.1 68.51 NOTE
r-devel-windows-ix86+x86_64 0.1.1 27.00 103.00 130.00 NOTE
r-devel-windows-ix86+x86_64-gcc8 0.1.0 20.00 72.00 92.00 NOTE
r-patched-linux-x86_64 0.1.1 3.98 47.35 51.33 NOTE
r-patched-solaris-x86 0.1.1 104.40 NOTE
r-release-linux-x86_64 0.1.1 4.74 46.57 51.31 NOTE
r-release-windows-ix86+x86_64 0.1.1 11.00 60.00 71.00 NOTE
r-release-osx-x86_64 0.1.1 NOTE
r-oldrel-windows-ix86+x86_64 0.1.1 14.00 93.00 107.00 NOTE
r-oldrel-osx-x86_64 0.1.1 NOTE

Check Details

Version: 0.1.1
Check: package dependencies
Result: NOTE
    Depends: includes the non-default packages:
     'mlr3', 'mlr3db', 'mlr3filters', 'mlr3learners', 'mlr3pipelines',
     'mlr3tuning', 'mlr3viz', 'paradox'
    Adding so many packages to the search path is excessive and importing
    selectively is preferable.
Flavors: r-devel-linux-x86_64-debian-clang, r-devel-linux-x86_64-debian-gcc, r-devel-linux-x86_64-fedora-clang, r-devel-linux-x86_64-fedora-gcc, r-devel-windows-ix86+x86_64, r-patched-linux-x86_64, r-patched-solaris-x86, r-release-linux-x86_64, r-release-windows-ix86+x86_64, r-release-osx-x86_64

Version: 0.1.0
Check: package dependencies
Result: NOTE
    Depends: includes the non-default packages:
     'mlr3', 'mlr3db', 'mlr3filters', 'mlr3learners', 'mlr3pipelines',
     'mlr3tuning', 'paradox'
    Adding so many packages to the search path is excessive and importing
    selectively is preferable.
Flavor: r-devel-windows-ix86+x86_64-gcc8

Version: 0.1.1
Check: package dependencies
Result: NOTE
    Depends: includes the non-default packages:
     'mlr3' 'mlr3db' 'mlr3filters' 'mlr3learners' 'mlr3pipelines'
     'mlr3tuning' 'mlr3viz' 'paradox'
    Adding so many packages to the search path is excessive and importing
    selectively is preferable.
Flavors: r-oldrel-windows-ix86+x86_64, r-oldrel-osx-x86_64