CRAN Package Check Results for Package mlmc

Last updated on 2020-01-27 00:48:08 CET.

Flavor Version Tinstall Tcheck Ttotal Status Flags
r-devel-linux-x86_64-debian-clang 1.0.0 19.30 45.92 65.22 OK
r-devel-linux-x86_64-debian-gcc 1.0.0 11.78 34.77 46.55 OK
r-devel-linux-x86_64-fedora-clang 1.0.0 81.45 NOTE
r-devel-linux-x86_64-fedora-gcc 1.0.0 75.44 NOTE
r-devel-windows-ix86+x86_64 1.0.0 45.00 126.00 171.00 OK
r-devel-windows-ix86+x86_64-gcc8 1.0.0 64.00 111.00 175.00 OK
r-patched-linux-x86_64 1.0.0 13.91 40.86 54.77 OK
r-patched-solaris-x86 1.0.0 103.10 OK
r-release-linux-x86_64 1.0.0 14.42 40.80 55.22 OK
r-release-windows-ix86+x86_64 1.0.0 36.00 93.00 129.00 OK
r-release-osx-x86_64 1.0.0 OK
r-oldrel-windows-ix86+x86_64 1.0.0 30.00 85.00 115.00 OK
r-oldrel-osx-x86_64 1.0.0 OK

Check Details

Version: 1.0.0
Check: compiled code
Result: NOTE
    File ‘mlmc/libs/mlmc.so’:
     Found no calls to: ‘R_registerRoutines’, ‘R_useDynamicSymbols’
    
    It is good practice to register native routines and to disable symbol
    search.
    
    See ‘Writing portable packages’ in the ‘Writing R Extensions’ manual.
Flavors: r-devel-linux-x86_64-fedora-clang, r-devel-linux-x86_64-fedora-gcc