CRAN Package Check Results for Package mixedClust

Last updated on 2020-01-27 00:48:08 CET.

Flavor Version Tinstall Tcheck Ttotal Status Flags
r-devel-linux-x86_64-debian-clang 1.0.1 165.50 61.40 226.90 OK
r-devel-linux-x86_64-debian-gcc 1.0.1 122.10 48.33 170.43 OK
r-devel-linux-x86_64-fedora-clang 1.0.1 313.78 NOTE
r-devel-linux-x86_64-fedora-gcc 1.0.1 303.85 OK
r-devel-windows-ix86+x86_64 1.0.1 375.00 126.00 501.00 OK
r-devel-windows-ix86+x86_64-gcc8 1.0.1 419.00 101.00 520.00 OK
r-patched-linux-x86_64 1.0.1 130.56 54.28 184.84 OK
r-patched-solaris-x86 1.0.1 265.10 OK
r-release-linux-x86_64 1.0.1 129.43 54.95 184.38 OK
r-release-windows-ix86+x86_64 1.0.1 277.00 86.00 363.00 OK
r-release-osx-x86_64 1.0.1 NOTE
r-oldrel-windows-ix86+x86_64 1.0.1 275.00 83.00 358.00 OK
r-oldrel-osx-x86_64 1.0.1 NOTE

Check Details

Version: 1.0.1
Check: installed package size
Result: NOTE
     installed size is 8.7Mb
     sub-directories of 1Mb or more:
     libs 8.5Mb
Flavors: r-devel-linux-x86_64-fedora-clang, r-release-osx-x86_64, r-oldrel-osx-x86_64