CRAN Package Check Results for Package mistat

Last updated on 2020-01-27 00:48:08 CET.

Flavor Version Tinstall Tcheck Ttotal Status Flags
r-devel-linux-x86_64-debian-clang 1.0-5 3.33 53.22 56.55 OK
r-devel-linux-x86_64-debian-gcc 1.0-5 3.01 43.62 46.63 NOTE
r-devel-linux-x86_64-fedora-clang 1.0-5 70.21 NOTE
r-devel-linux-x86_64-fedora-gcc 1.0-5 68.93 NOTE
r-devel-windows-ix86+x86_64 1.0-5 11.00 121.00 132.00 OK
r-devel-windows-ix86+x86_64-gcc8 1.0-5 12.00 91.00 103.00 OK
r-patched-linux-x86_64 1.0-5 2.88 50.06 52.94 OK
r-patched-solaris-x86 1.0-5 96.30 NOTE
r-release-linux-x86_64 1.0-5 3.27 49.09 52.36 OK
r-release-windows-ix86+x86_64 1.0-5 7.00 77.00 84.00 OK
r-release-osx-x86_64 1.0-5 NOTE
r-oldrel-windows-ix86+x86_64 1.0-5 5.00 47.00 52.00 OK
r-oldrel-osx-x86_64 1.0-5 NOTE

Check Details

Version: 1.0-5
Check: package dependencies
Result: NOTE
    Package suggested but not available for checking: ‘FrF2’
Flavor: r-devel-linux-x86_64-debian-gcc

Version: 1.0-5
Check: dependencies in R code
Result: NOTE
    Namespace in Imports field not imported from: ‘grDevices’
     All declared Imports should be used.
Flavors: r-devel-linux-x86_64-fedora-clang, r-devel-linux-x86_64-fedora-gcc, r-patched-solaris-x86, r-release-osx-x86_64, r-oldrel-osx-x86_64