CRAN Package Check Results for Package missingHE

Last updated on 2020-01-27 00:48:08 CET.

Flavor Version Tinstall Tcheck Ttotal Status Flags
r-devel-linux-x86_64-debian-clang 1.3.2 13.30 95.77 109.07 OK
r-devel-linux-x86_64-debian-gcc 1.3.2 0.41 1.72 2.13 ERROR
r-devel-linux-x86_64-fedora-clang 1.3.2 126.98 NOTE
r-devel-linux-x86_64-fedora-gcc 1.3.2 123.66 NOTE
r-devel-windows-ix86+x86_64 1.3.2 38.00 153.00 191.00 OK
r-devel-windows-ix86+x86_64-gcc8 1.3.2 41.00 126.00 167.00 OK
r-patched-linux-x86_64 1.3.2 9.35 84.03 93.38 OK
r-patched-solaris-x86 1.3.2 145.60 NOTE
r-release-linux-x86_64 1.3.2 11.07 83.85 94.92 OK
r-release-windows-ix86+x86_64 1.3.2 16.00 96.00 112.00 OK
r-release-osx-x86_64 1.3.2 NOTE
r-oldrel-windows-ix86+x86_64 1.3.2 13.00 88.00 101.00 OK
r-oldrel-osx-x86_64 1.3.2 NOTE

Check Details

Version: 1.3.2
Check: package dependencies
Result: ERROR
    Package required but not available: ‘mcmcplots’
    
    See section ‘The DESCRIPTION file’ in the ‘Writing R Extensions’
    manual.
Flavor: r-devel-linux-x86_64-debian-gcc

Version: 1.3.2
Check: dependencies in R code
Result: NOTE
    Namespace in Imports field not imported from: ‘mcmcr’
     All declared Imports should be used.
Flavors: r-devel-linux-x86_64-fedora-clang, r-devel-linux-x86_64-fedora-gcc, r-patched-solaris-x86, r-release-osx-x86_64, r-oldrel-osx-x86_64