CRAN Package Check Results for Package missDeaths

Last updated on 2020-01-27 00:48:08 CET.

Flavor Version Tinstall Tcheck Ttotal Status Flags
r-devel-linux-x86_64-debian-clang 2.5.1 38.61 109.02 147.63 WARN
r-devel-linux-x86_64-debian-gcc 2.5.1 31.05 84.00 115.05 OK
r-devel-linux-x86_64-fedora-clang 2.5.1 184.90 WARN
r-devel-linux-x86_64-fedora-gcc 2.5.1 181.87 OK
r-devel-windows-ix86+x86_64 2.5.1 132.00 259.00 391.00 OK
r-devel-windows-ix86+x86_64-gcc8 2.5.1 136.00 225.00 361.00 OK
r-patched-linux-x86_64 2.5.1 33.90 92.83 126.73 OK
r-patched-solaris-x86 2.5.1 227.80 OK
r-release-linux-x86_64 2.5.1 35.98 92.04 128.02 OK
r-release-windows-ix86+x86_64 2.5.1 78.00 160.00 238.00 OK
r-release-osx-x86_64 2.5.1 WARN
r-oldrel-windows-ix86+x86_64 2.5.1 67.00 140.00 207.00 OK
r-oldrel-osx-x86_64 2.5.1 WARN

Check Details

Version: 2.5.1
Check: whether package can be installed
Result: WARN
    Found the following significant warnings:
     simcensor.cpp:91:16: warning: result of comparison of constant 18446744073709551615 with expression of type 'unsigned int' is always true [-Wtautological-constant-out-of-range-compare]
     simcensor.cpp:91:41: warning: result of comparison of constant 18446744073709551615 with expression of type 'unsigned int' is always true [-Wtautological-constant-out-of-range-compare]
     simcensor.cpp:95:17: warning: result of comparison of constant 18446744073709551615 with expression of type 'unsigned int' is always true [-Wtautological-constant-out-of-range-compare]
Flavors: r-devel-linux-x86_64-debian-clang, r-devel-linux-x86_64-fedora-clang, r-release-osx-x86_64, r-oldrel-osx-x86_64