CRAN Package Check Results for Package minimax

Last updated on 2020-01-27 00:48:08 CET.

Flavor Version Tinstall Tcheck Ttotal Status Flags
r-devel-linux-x86_64-debian-clang 1.0 1.65 17.55 19.20 NOTE
r-devel-linux-x86_64-debian-gcc 1.0 1.55 14.26 15.81 NOTE
r-devel-linux-x86_64-fedora-clang 1.0 24.15 NOTE
r-devel-linux-x86_64-fedora-gcc 1.0 23.32 NOTE
r-devel-windows-ix86+x86_64 1.0 8.00 39.00 47.00 NOTE
r-devel-windows-ix86+x86_64-gcc8 1.0 5.00 38.00 43.00 NOTE
r-patched-linux-x86_64 1.0 1.32 16.22 17.54 NOTE
r-patched-solaris-x86 1.0 34.30 NOTE
r-release-linux-x86_64 1.0 1.33 16.24 17.57 NOTE
r-release-windows-ix86+x86_64 1.0 4.00 35.00 39.00 NOTE
r-release-osx-x86_64 1.0 NOTE
r-oldrel-windows-ix86+x86_64 1.0 2.00 24.00 26.00 NOTE
r-oldrel-osx-x86_64 1.0 NOTE

Check Details

Version: 1.0
Check: R code for possible problems
Result: NOTE
    rminimax: no visible global function definition for 'runif'
    Undefined global functions or variables:
     runif
    Consider adding
     importFrom("stats", "runif")
    to your NAMESPACE file.
Flavors: r-devel-linux-x86_64-debian-clang, r-devel-linux-x86_64-debian-gcc, r-devel-linux-x86_64-fedora-clang, r-devel-linux-x86_64-fedora-gcc, r-devel-windows-ix86+x86_64, r-devel-windows-ix86+x86_64-gcc8, r-patched-linux-x86_64, r-patched-solaris-x86, r-release-linux-x86_64, r-release-windows-ix86+x86_64, r-release-osx-x86_64, r-oldrel-windows-ix86+x86_64, r-oldrel-osx-x86_64