CRAN Package Check Results for Package microsynth

Last updated on 2020-01-27 00:48:08 CET.

Flavor Version Tinstall Tcheck Ttotal Status Flags
r-devel-linux-x86_64-debian-clang 2.0.13 7.03 105.16 112.19 OK
r-devel-linux-x86_64-debian-gcc 2.0.13 6.03 78.60 84.63 OK
r-devel-linux-x86_64-fedora-clang 2.0.13 133.69 NOTE
r-devel-linux-x86_64-fedora-gcc 2.0.13 131.11 NOTE
r-devel-windows-ix86+x86_64 2.0.13 16.00 144.00 160.00 OK
r-devel-windows-ix86+x86_64-gcc8 2.0.13 17.00 134.00 151.00 OK
r-patched-linux-x86_64 2.0.13 6.65 94.58 101.23 OK
r-patched-solaris-x86 2.0.13 171.10 NOTE
r-release-linux-x86_64 2.0.13 6.05 94.79 100.84 OK
r-release-windows-ix86+x86_64 2.0.13 11.00 128.00 139.00 OK
r-release-osx-x86_64 2.0.13 NOTE
r-oldrel-windows-ix86+x86_64 2.0.13 8.00 146.00 154.00 OK
r-oldrel-osx-x86_64 2.0.13 NOTE

Check Details

Version: 2.0.13
Check: dependencies in R code
Result: NOTE
    Namespace in Imports field not imported from: ‘MASS’
     All declared Imports should be used.
Flavors: r-devel-linux-x86_64-fedora-clang, r-devel-linux-x86_64-fedora-gcc, r-patched-solaris-x86, r-release-osx-x86_64, r-oldrel-osx-x86_64