CRAN Package Check Results for Package microhaplot

Last updated on 2020-01-27 00:48:08 CET.

Flavor Version Tinstall Tcheck Ttotal Status Flags
r-devel-linux-x86_64-debian-clang 1.0.1 2.43 31.18 33.61 OK
r-devel-linux-x86_64-debian-gcc 1.0.1 2.03 24.81 26.84 OK
r-devel-linux-x86_64-fedora-clang 1.0.1 43.18 NOTE
r-devel-linux-x86_64-fedora-gcc 1.0.1 42.40 NOTE
r-devel-windows-ix86+x86_64 1.0.1 11.00 50.00 61.00 OK
r-devel-windows-ix86+x86_64-gcc8 1.0.1 10.00 42.00 52.00 OK
r-patched-linux-x86_64 1.0.1 1.88 28.71 30.59 OK
r-patched-solaris-x86 1.0.1 48.40 NOTE
r-release-linux-x86_64 1.0.1 1.86 28.58 30.44 OK
r-release-windows-ix86+x86_64 1.0.1 4.00 35.00 39.00 OK
r-release-osx-x86_64 1.0.1 NOTE
r-oldrel-windows-ix86+x86_64 1.0.1 3.00 31.00 34.00 OK
r-oldrel-osx-x86_64 1.0.1 NOTE

Check Details

Version: 1.0.1
Check: dependencies in R code
Result: NOTE
    Namespaces in Imports field not imported from:
     ‘DT’ ‘ggiraph’ ‘ggplot2’ ‘grid’ ‘gtools’ ‘scales’ ‘shinyBS’
     ‘shinyWidgets’ ‘tidyr’
     All declared Imports should be used.
Flavors: r-devel-linux-x86_64-fedora-clang, r-devel-linux-x86_64-fedora-gcc, r-patched-solaris-x86, r-release-osx-x86_64, r-oldrel-osx-x86_64