CRAN Package Check Results for Package miceRanger

Last updated on 2020-01-27 00:48:08 CET.

Flavor Version Tinstall Tcheck Ttotal Status Flags
r-devel-linux-x86_64-debian-clang 1.2.0 10.47 274.88 285.35 OK
r-devel-linux-x86_64-debian-gcc 1.2.0 9.85 147.89 157.74 OK
r-devel-linux-x86_64-fedora-clang 1.2.0 250.06 ERROR
r-devel-linux-x86_64-fedora-gcc 1.2.0 248.70 OK
r-devel-windows-ix86+x86_64 1.2.0 32.00 233.00 265.00 OK
r-devel-windows-ix86+x86_64-gcc8 1.1.0 34.00 202.00 236.00 OK
r-patched-linux-x86_64 1.2.0 8.14 168.43 176.57 OK
r-patched-solaris-x86 1.2.0 895.50 ERROR
r-release-linux-x86_64 1.2.0 9.13 168.63 177.76 OK
r-release-windows-ix86+x86_64 1.2.0 23.00 159.00 182.00 OK
r-release-osx-x86_64 1.2.0 ERROR
r-oldrel-windows-ix86+x86_64 1.2.0 22.00 239.00 261.00 ERROR
r-oldrel-osx-x86_64 1.2.0 ERROR

Check Details

Version: 1.2.0
Check: tests
Result: ERROR
     Running ‘testthat.R’ [46s/42s]
    Running the tests in ‘tests/testthat.R’ failed.
    Complete output:
     > library(testthat)
     > library(miceRanger)
     >
     > test_check("miceRanger")
    
     Process started at 2020-01-25 19:38:35
    
     dataset 1
     iteration 1 | Sepal.Width | Sepal.Length | Species
     iteration 2 | Sepal.Width | Sepal.Length | Species
     iteration 3 | Sepal.Width | Sepal.Length | Species
     iteration 4 | Sepal.Width | Sepal.Length | Species
     iteration 5 | Sepal.Width | Sepal.Length | Species
    
     dataset 2
     iteration 1 | Sepal.Width | Sepal.Length | Species
     iteration 2 | Sepal.Width | Sepal.Length | Species
     iteration 3 | Sepal.Width | Sepal.Length | Species
     iteration 4 | Sepal.Width | Sepal.Length | Species
     iteration 5 | Sepal.Width | Sepal.Length | Species
    
     dataset 3
     iteration 1 | Sepal.Width | Sepal.Length | Species
     iteration 2 | Sepal.Width | Sepal.Length | Species
     iteration 3 | Sepal.Width | Sepal.Length | Species
     iteration 4 | Sepal.Width | Sepal.Length | Species
     iteration 5 | Sepal.Width | Sepal.Length | Species
    
     dataset 4
     iteration 1 | Sepal.Width | Sepal.Length | Species
     iteration 2 | Sepal.Width | Sepal.Length | Species
     iteration 3 | Sepal.Width | Sepal.Length | Species
     iteration 4 | Sepal.Width | Sepal.Length | Species
     iteration 5 | Sepal.Width | Sepal.Length | Species
    
     dataset 5
     iteration 1 | Sepal.Width | Sepal.Length | Species
     iteration 2 | Sepal.Width | Sepal.Length | Species
     iteration 3 | Sepal.Width | Sepal.Length | Species
     iteration 4 | Sepal.Width | Sepal.Length | Species
     iteration 5 | Sepal.Width | Sepal.Length | Species
    
     Process started at 2020-01-25 19:39:05
    
     dataset 1
     iteration 1 | Petal.Width | Species
     iteration 2 | Petal.Width | Species
     iteration 3 | Petal.Width | Species
    
     dataset 2
     iteration 1 | Petal.Width | Species
     iteration 2 | Petal.Width | Species
     iteration 3 | Petal.Width | Species
    
     dataset 3
     iteration 1 | Petal.Width | Species
     iteration 2 | Petal.Width | Species
     iteration 3 | Petal.Width | Species
     ── 1. Failure: (unknown) (@test-sampleMiceObj.R#18) ───────────────────────────
     miceObj[-impTimIdx] not equal to sampleMiceDefs[-impTimIdx].
     Component "allImps": Component "Dataset_1": Component "Iteration_1": Component "Petal.Width": Mean relative difference: 0.21875
     Component "allImps": Component "Dataset_1": Component "Iteration_2": Component "Petal.Width": Mean relative difference: 0.1666667
     Component "allImps": Component "Dataset_1": Component "Iteration_3": Component "Petal.Width": Mean relative difference: 0.1333333
     Component "allImps": Component "Dataset_2": Component "Iteration_1": Component "Petal.Width": Mean relative difference: 0.1578947
     Component "allImps": Component "Dataset_2": Component "Iteration_2": Component "Petal.Width": Mean relative difference: 0.2272727
     Component "allImps": Component "Dataset_2": Component "Iteration_2": Component "Species": 1 string mismatch
     Component "allImps": Component "Dataset_2": Component "Iteration_3": Component "Petal.Width": Mean relative difference: 0.1052632
     Component "allImps": Component "Dataset_3": Component "Iteration_1": Component "Petal.Width": Mean relative difference: 0.2083333
     Component "allImps": Component "Dataset_3": Component "Iteration_2": Component "Petal.Width": Mean relative difference: 0.1891892
     ...
    
     ── 2. Failure: (unknown) (@test-sampleMiceObj.R#22) ───────────────────────────
     `moComp` not equal to `smComp`.
     Component "Dataset_1": Column 'Petal.Width': Mean relative difference: 0.1333333
     Component "Dataset_2": Column 'Petal.Width': Mean relative difference: 0.1052632
     Component "Dataset_3": Column 'Petal.Width': Mean relative difference: 0.1666667
    
     ══ testthat results ═══════════════════════════════════════════════════════════
     [ OK: 2 | SKIPPED: 0 | WARNINGS: 0 | FAILED: 2 ]
     1. Failure: (unknown) (@test-sampleMiceObj.R#18)
     2. Failure: (unknown) (@test-sampleMiceObj.R#22)
    
     Error: testthat unit tests failed
     Execution halted
Flavor: r-devel-linux-x86_64-fedora-clang

Version: 1.2.0
Check: tests
Result: ERROR
     Running ‘testthat.R’ [174s/76s]
    Running the tests in ‘tests/testthat.R’ failed.
    Complete output:
     > library(testthat)
     > library(miceRanger)
     >
     > test_check("miceRanger")
    
     Process started at 2020-01-21 05:08:49
    
     dataset 1
     iteration 1 | Sepal.Width | Sepal.Length | Species
     iteration 2 | Sepal.Width | Sepal.Length | Species
     iteration 3 | Sepal.Width | Sepal.Length | Species
     iteration 4 | Sepal.Width | Sepal.Length | Species
     iteration 5 | Sepal.Width | Sepal.Length | Species
    
     dataset 2
     iteration 1 | Sepal.Width | Sepal.Length | Species
     iteration 2 | Sepal.Width | Sepal.Length | Species
     iteration 3 | Sepal.Width | Sepal.Length | Species
     iteration 4 | Sepal.Width | Sepal.Length | Species
     iteration 5 | Sepal.Width | Sepal.Length | Species
    
     dataset 3
     iteration 1 | Sepal.Width | Sepal.Length | Species
     iteration 2 | Sepal.Width | Sepal.Length | Species
     iteration 3 | Sepal.Width | Sepal.Length | Species
     iteration 4 | Sepal.Width | Sepal.Length | Species
     iteration 5 | Sepal.Width | Sepal.Length | Species
    
     dataset 4
     iteration 1 | Sepal.Width | Sepal.Length | Species
     iteration 2 | Sepal.Width | Sepal.Length | Species
     iteration 3 | Sepal.Width | Sepal.Length | Species
     iteration 4 | Sepal.Width | Sepal.Length | Species
     iteration 5 | Sepal.Width | Sepal.Length | Species
    
     dataset 5
     iteration 1 | Sepal.Width | Sepal.Length | Species
     iteration 2 | Sepal.Width | Sepal.Length | Species
     iteration 3 | Sepal.Width | Sepal.Length | Species
     iteration 4 | Sepal.Width | Sepal.Length | Species
     iteration 5 | Sepal.Width | Sepal.Length | Species
    
     Process started at 2020-01-21 05:09:38
    
     dataset 1
     iteration 1 | Petal.Width | Species
     iteration 2 | Petal.Width | Species
     iteration 3 | Petal.Width | Species
    
     dataset 2
     iteration 1 | Petal.Width | Species
     iteration 2 | Petal.Width | Species
     iteration 3 | Petal.Width | Species
    
     dataset 3
     iteration 1 | Petal.Width | Species
     iteration 2 | Petal.Width | Species
     iteration 3 | Petal.Width | Species
     ── 1. Failure: (unknown) (@test-sampleMiceObj.R#18) ───────────────────────────
     miceObj[-impTimIdx] not equal to sampleMiceDefs[-impTimIdx].
     Component "allImps": Component "Dataset_1": Component "Iteration_1": Component "Petal.Width": Mean relative difference: 0.1612903
     Component "allImps": Component "Dataset_1": Component "Iteration_2": Component "Petal.Width": Mean relative difference: 0.08695652
     Component "allImps": Component "Dataset_1": Component "Iteration_3": Component "Petal.Width": Mean relative difference: 0.2
     Component "allImps": Component "Dataset_2": Component "Iteration_1": Component "Petal.Width": Mean relative difference: 0.35
     Component "allImps": Component "Dataset_2": Component "Iteration_2": Component "Petal.Width": Mean relative difference: 0.07142857
     Component "allImps": Component "Dataset_2": Component "Iteration_3": Component "Petal.Width": Mean relative difference: 0.5
     Component "allImps": Component "Dataset_3": Component "Iteration_1": Component "Petal.Width": Mean relative difference: 0.1875
     Component "allImps": Component "Dataset_3": Component "Iteration_2": Component "Petal.Width": Mean relative difference: 0.1860465
     Component "allImps": Component "Dataset_3": Component "Iteration_3": Component "Petal.Width": Mean relative difference: 0.0625
     ...
    
     ── 2. Failure: (unknown) (@test-sampleMiceObj.R#22) ───────────────────────────
     `moComp` not equal to `smComp`.
     Component "Dataset_1": Column 'Petal.Width': Mean relative difference: 0.2
     Component "Dataset_2": Column 'Petal.Width': Mean relative difference: 0.5
     Component "Dataset_3": Column 'Petal.Width': Mean relative difference: 0.0625
    
     ══ testthat results ═══════════════════════════════════════════════════════════
     [ OK: 2 | SKIPPED: 0 | WARNINGS: 0 | FAILED: 2 ]
     1. Failure: (unknown) (@test-sampleMiceObj.R#18)
     2. Failure: (unknown) (@test-sampleMiceObj.R#22)
    
     Error: testthat unit tests failed
     Execution halted
Flavor: r-patched-solaris-x86

Version: 1.2.0
Check: tests
Result: ERROR
     Running ‘testthat.R’ [50s/20s]
    Running the tests in ‘tests/testthat.R’ failed.
    Last 13 lines of output:
     ...
    
     ── 2. Failure: (unknown) (@test-sampleMiceObj.R#22) ───────────────────────────
     `moComp` not equal to `smComp`.
     Component "Dataset_1": Column 'Petal.Width': Mean relative difference: 0.1333333
     Component "Dataset_2": Column 'Petal.Width': Mean relative difference: 0.1052632
     Component "Dataset_3": Column 'Petal.Width': Mean relative difference: 0.1666667
    
     ══ testthat results ═══════════════════════════════════════════════════════════
     [ OK: 2 | SKIPPED: 0 | WARNINGS: 0 | FAILED: 2 ]
     1. Failure: (unknown) (@test-sampleMiceObj.R#18)
     2. Failure: (unknown) (@test-sampleMiceObj.R#22)
    
     Error: testthat unit tests failed
     Execution halted
Flavor: r-release-osx-x86_64

Version: 1.2.0
Check: tests
Result: ERROR
     Running 'testthat.R' [31s]
    Running the tests in 'tests/testthat.R' failed.
    Complete output:
     > library(testthat)
     > library(miceRanger)
     >
     > test_check("miceRanger")
    
     Process started at 2020-01-22 05:21:49
    
     dataset 1
     iteration 1 | Sepal.Width | Sepal.Length | Species
     iteration 2 | Sepal.Width | Sepal.Length | Species
     iteration 3 | Sepal.Width | Sepal.Length | Species
     iteration 4 | Sepal.Width | Sepal.Length | Species
     iteration 5 | Sepal.Width | Sepal.Length | Species
    
     dataset 2
     iteration 1 | Sepal.Width | Sepal.Length | Species
     iteration 2 | Sepal.Width | Sepal.Length | Species
     iteration 3 | Sepal.Width | Sepal.Length | Species
     iteration 4 | Sepal.Width | Sepal.Length | Species
     iteration 5 | Sepal.Width | Sepal.Length | Species
    
     dataset 3
     iteration 1 | Sepal.Width | Sepal.Length | Species
     iteration 2 | Sepal.Width | Sepal.Length | Species
     iteration 3 | Sepal.Width | Sepal.Length | Species
     iteration 4 | Sepal.Width | Sepal.Length | Species
     iteration 5 | Sepal.Width | Sepal.Length | Species
    
     dataset 4
     iteration 1 | Sepal.Width | Sepal.Length | Species
     iteration 2 | Sepal.Width | Sepal.Length | Species
     iteration 3 | Sepal.Width | Sepal.Length | Species
     iteration 4 | Sepal.Width | Sepal.Length | Species
     iteration 5 | Sepal.Width | Sepal.Length | Species
    
     dataset 5
     iteration 1 | Sepal.Width | Sepal.Length | Species
     iteration 2 | Sepal.Width | Sepal.Length | Species
     iteration 3 | Sepal.Width | Sepal.Length | Species
     iteration 4 | Sepal.Width | Sepal.Length | Species
     iteration 5 | Sepal.Width | Sepal.Length | Species
    
     Process started at 2020-01-22 05:22:11
    
     dataset 1
     iteration 1 | Petal.Width | Species
     iteration 2 | Petal.Width | Species
     iteration 3 | Petal.Width | Species
    
     dataset 2
     iteration 1 | Petal.Width | Species
     iteration 2 | Petal.Width | Species
     iteration 3 | Petal.Width | Species
    
     dataset 3
     iteration 1 | Petal.Width | Species
     iteration 2 | Petal.Width | Species
     iteration 3 | Petal.Width | Species
     -- 1. Failure: (unknown) (@test-sampleMiceObj.R#18) ---------------------------
     miceObj[-impTimIdx] not equal to sampleMiceDefs[-impTimIdx].
     Component "data": Column 'Sepal.Length': 'is.NA' value mismatch: 15 in current 15 in target
     Component "naWhere": 136 element mismatches
     Component "allImps": Component "Dataset_1": Component "Iteration_1": Component "Petal.Width": Mean relative difference: 0.3484848
     Component "allImps": Component "Dataset_1": Component "Iteration_1": Component "Species": 6 string mismatches
     Component "allImps": Component "Dataset_1": Component "Iteration_2": Component "Petal.Width": Mean relative difference: 0.2866242
     Component "allImps": Component "Dataset_1": Component "Iteration_2": Component "Species": 3 string mismatches
     Component "allImps": Component "Dataset_1": Component "Iteration_3": Component "Petal.Width": Mean relative difference: 0.2962963
     Component "allImps": Component "Dataset_1": Component "Iteration_3": Component "Species": 4 string mismatches
     Component "allImps": Component "Dataset_2": Component "Iteration_1": Component "Petal.Width": Mean relative difference: 0.3548387
     ...
    
     -- 2. Failure: (unknown) (@test-sampleMiceObj.R#22) ---------------------------
     `moComp` not equal to `smComp`.
     Component "Dataset_1": Column 'Sepal.Length': 'is.NA' value mismatch: 15 in current 15 in target
     Component "Dataset_2": Column 'Sepal.Length': 'is.NA' value mismatch: 15 in current 15 in target
     Component "Dataset_3": Column 'Sepal.Length': 'is.NA' value mismatch: 15 in current 15 in target
    
     == testthat results ===========================================================
     [ OK: 2 | SKIPPED: 0 | WARNINGS: 0 | FAILED: 2 ]
     1. Failure: (unknown) (@test-sampleMiceObj.R#18)
     2. Failure: (unknown) (@test-sampleMiceObj.R#22)
    
     Error: testthat unit tests failed
     Execution halted
Flavor: r-oldrel-windows-ix86+x86_64

Version: 1.2.0
Check: tests
Result: ERROR
     Running ‘testthat.R’ [51s/20s]
    Running the tests in ‘tests/testthat.R’ failed.
    Last 13 lines of output:
     ...
    
     ── 2. Failure: (unknown) (@test-sampleMiceObj.R#22) ───────────────────────────
     `moComp` not equal to `smComp`.
     Component "Dataset_1": Column 'Sepal.Length': 'is.NA' value mismatch: 15 in current 15 in target
     Component "Dataset_2": Column 'Sepal.Length': 'is.NA' value mismatch: 15 in current 15 in target
     Component "Dataset_3": Column 'Sepal.Length': 'is.NA' value mismatch: 15 in current 15 in target
    
     ══ testthat results ═══════════════════════════════════════════════════════════
     [ OK: 2 | SKIPPED: 0 | WARNINGS: 0 | FAILED: 2 ]
     1. Failure: (unknown) (@test-sampleMiceObj.R#18)
     2. Failure: (unknown) (@test-sampleMiceObj.R#22)
    
     Error: testthat unit tests failed
     Execution halted
Flavor: r-oldrel-osx-x86_64