CRAN Package Check Results for Package miceMNAR

Last updated on 2020-01-27 00:48:08 CET.

Flavor Version Tinstall Tcheck Ttotal Status Flags
r-devel-linux-x86_64-debian-clang 1.0.2 20.64 181.64 202.28 OK
r-devel-linux-x86_64-debian-gcc 1.0.2 0.32 1.88 2.20 ERROR
r-devel-linux-x86_64-fedora-clang 1.0.2 244.05 OK
r-devel-linux-x86_64-fedora-gcc 1.0.2 240.43 OK
r-devel-windows-ix86+x86_64 1.0.2 81.00 276.00 357.00 OK
r-devel-windows-ix86+x86_64-gcc8 1.0.2 81.00 181.00 262.00 OK
r-patched-linux-x86_64 1.0.2 18.12 152.95 171.07 OK
r-patched-solaris-x86 1.0.2 320.70 OK
r-release-linux-x86_64 1.0.2 17.79 153.86 171.65 OK
r-release-windows-ix86+x86_64 1.0.2 42.00 166.00 208.00 OK
r-release-osx-x86_64 1.0.2 OK
r-oldrel-windows-ix86+x86_64 1.0.2 25.00 159.00 184.00 OK
r-oldrel-osx-x86_64 1.0.2 OK

Check Details

Version: 1.0.2
Check: package dependencies
Result: ERROR
    Package required but not available: ‘GJRM’
    
    See section ‘The DESCRIPTION file’ in the ‘Writing R Extensions’
    manual.
Flavor: r-devel-linux-x86_64-debian-gcc