Last updated on 2020-01-27 00:48:08 CET.
Flavor | Version | Tinstall | Tcheck | Ttotal | Status | Flags |
---|---|---|---|---|---|---|
r-devel-linux-x86_64-debian-clang | 0.5.1 | 107.55 | 61.33 | 168.88 | OK | |
r-devel-linux-x86_64-debian-gcc | 0.5.1 | 86.68 | 44.96 | 131.64 | OK | |
r-devel-linux-x86_64-fedora-clang | 0.5.1 | 242.83 | NOTE | |||
r-devel-linux-x86_64-fedora-gcc | 0.5.1 | 228.93 | OK | |||
r-devel-windows-ix86+x86_64 | 0.5.1 | 281.00 | 136.00 | 417.00 | OK | |
r-devel-windows-ix86+x86_64-gcc8 | 0.5.1 | 281.00 | 111.00 | 392.00 | OK | |
r-patched-linux-x86_64 | 0.5.1 | 91.43 | 50.53 | 141.96 | OK | |
r-patched-solaris-x86 | 0.5.1 | 201.20 | OK | |||
r-release-linux-x86_64 | 0.5.1 | 87.73 | 49.72 | 137.45 | OK | |
r-release-windows-ix86+x86_64 | 0.5.1 | 204.00 | 84.00 | 288.00 | OK | |
r-release-osx-x86_64 | 0.5.1 | NOTE | ||||
r-oldrel-windows-ix86+x86_64 | 0.5.1 | 187.00 | 81.00 | 268.00 | OK | |
r-oldrel-osx-x86_64 | 0.5.1 | NOTE |
Version: 0.5.1
Check: installed package size
Result: NOTE
installed size is 10.6Mb
sub-directories of 1Mb or more:
libs 9.2Mb
Flavors: r-devel-linux-x86_64-fedora-clang, r-release-osx-x86_64, r-oldrel-osx-x86_64