CRAN Package Check Results for Package metan

Last updated on 2020-01-27 00:48:08 CET.

Flavor Version Tinstall Tcheck Ttotal Status Flags
r-devel-linux-x86_64-debian-clang 1.2.1 34.01 208.75 242.76 OK
r-devel-linux-x86_64-debian-gcc 1.2.1 23.63 162.89 186.52 OK
r-devel-linux-x86_64-fedora-clang 1.2.1 285.73 WARN
r-devel-linux-x86_64-fedora-gcc 1.2.1 282.32 OK
r-devel-windows-ix86+x86_64 1.2.1 77.00 305.00 382.00 OK
r-devel-windows-ix86+x86_64-gcc8 1.2.1 79.00 326.00 405.00 OK
r-patched-linux-x86_64 1.2.1 26.20 182.75 208.95 OK
r-patched-solaris-x86 1.2.1 328.70 OK
r-release-linux-x86_64 1.2.1 26.89 181.98 208.87 OK
r-release-windows-ix86+x86_64 1.2.1 39.00 202.00 241.00 OK
r-release-osx-x86_64 1.2.1 OK
r-oldrel-windows-ix86+x86_64 1.2.1 43.00 199.00 242.00 OK
r-oldrel-osx-x86_64 1.2.1 OK

Check Details

Version: 1.2.1
Check: package dependencies
Result: WARN
    Requires orphaned package: ‘gplots’
Flavor: r-devel-linux-x86_64-fedora-clang