CRAN Package Check Results for Package meta4diag

Last updated on 2020-01-27 00:48:08 CET.

Flavor Version Tinstall Tcheck Ttotal Status Flags
r-devel-linux-x86_64-debian-clang 2.0.8 13.83 70.28 84.11 NOTE
r-devel-linux-x86_64-debian-gcc 2.0.8 12.34 54.16 66.50 NOTE
r-devel-linux-x86_64-fedora-clang 2.0.8 103.01 OK
r-devel-linux-x86_64-fedora-gcc 2.0.8 101.33 OK
r-devel-windows-ix86+x86_64 2.0.8 37.00 106.00 143.00 OK
r-devel-windows-ix86+x86_64-gcc8 2.0.8 33.00 73.00 106.00 OK
r-patched-linux-x86_64 2.0.8 12.76 63.41 76.17 NOTE
r-patched-solaris-x86 2.0.8 127.10 NOTE
r-release-linux-x86_64 2.0.8 11.95 63.20 75.15 NOTE
r-release-windows-ix86+x86_64 2.0.8 21.00 90.00 111.00 OK
r-release-osx-x86_64 2.0.8 NOTE
r-oldrel-windows-ix86+x86_64 2.0.8 16.00 70.00 86.00 OK
r-oldrel-osx-x86_64 2.0.8 NOTE

Check Details

Version: 2.0.8
Check: package dependencies
Result: NOTE
    Package suggested but not available for checking: 'INLA'
Flavors: r-devel-linux-x86_64-debian-clang, r-devel-linux-x86_64-debian-gcc, r-patched-linux-x86_64, r-patched-solaris-x86, r-release-linux-x86_64, r-release-osx-x86_64, r-oldrel-osx-x86_64