CRAN Package Check Results for Package memochange

Last updated on 2020-01-27 00:48:08 CET.

Flavor Version Tinstall Tcheck Ttotal Status Flags
r-devel-linux-x86_64-debian-clang 1.1.0 4.66 131.03 135.69 OK
r-devel-linux-x86_64-debian-gcc 1.1.0 4.29 94.26 98.55 OK
r-devel-linux-x86_64-fedora-clang 1.1.0 156.21 NOTE
r-devel-linux-x86_64-fedora-gcc 1.1.0 154.98 NOTE
r-devel-windows-ix86+x86_64 1.1.0 12.00 182.00 194.00 OK
r-devel-windows-ix86+x86_64-gcc8 1.1.0 18.00 128.00 146.00 OK
r-patched-linux-x86_64 1.1.0 4.85 117.19 122.04 OK
r-patched-solaris-x86 1.1.0 199.30 NOTE
r-release-linux-x86_64 1.1.0 4.14 118.54 122.68 OK
r-release-windows-ix86+x86_64 1.1.0 9.00 106.00 115.00 OK
r-release-osx-x86_64 1.1.0 NOTE
r-oldrel-windows-ix86+x86_64 1.1.0 7.00 112.00 119.00 OK
r-oldrel-osx-x86_64 1.1.0 NOTE

Check Details

Version: 1.1.0
Check: dependencies in R code
Result: NOTE
    Namespace in Imports field not imported from: ‘urca’
     All declared Imports should be used.
Flavors: r-devel-linux-x86_64-fedora-clang, r-devel-linux-x86_64-fedora-gcc, r-patched-solaris-x86, r-release-osx-x86_64, r-oldrel-osx-x86_64