CRAN Package Check Results for Package memisc

Last updated on 2020-01-27 00:48:08 CET.

Flavor Version Tinstall Tcheck Ttotal Status Flags
r-devel-linux-x86_64-debian-clang 0.99.21 31.90 222.10 254.00 OK
r-devel-linux-x86_64-debian-gcc 0.99.21 26.47 170.98 197.45 OK
r-devel-linux-x86_64-fedora-clang 0.99.21 303.26 NOTE
r-devel-linux-x86_64-fedora-gcc 0.99.21 297.61 OK
r-devel-windows-ix86+x86_64 0.99.21 61.00 252.00 313.00 NOTE
r-devel-windows-ix86+x86_64-gcc8 0.99.21 85.00 195.00 280.00 NOTE
r-patched-linux-x86_64 0.99.21 28.90 202.71 231.61 OK
r-patched-solaris-x86 0.99.21 259.90 NOTE
r-release-linux-x86_64 0.99.21 26.62 200.06 226.68 OK
r-release-windows-ix86+x86_64 0.99.21 57.00 161.00 218.00 NOTE
r-release-osx-x86_64 0.99.21 NOTE
r-oldrel-windows-ix86+x86_64 0.99.21 47.00 155.00 202.00 NOTE
r-oldrel-osx-x86_64 0.99.21 NOTE

Check Details

Version: 0.99.21
Check: installed package size
Result: NOTE
     installed size is 5.2Mb
     sub-directories of 1Mb or more:
     R 1.2Mb
     doc 3.1Mb
Flavors: r-devel-linux-x86_64-fedora-clang, r-devel-windows-ix86+x86_64, r-devel-windows-ix86+x86_64-gcc8, r-patched-solaris-x86, r-release-windows-ix86+x86_64, r-release-osx-x86_64, r-oldrel-windows-ix86+x86_64, r-oldrel-osx-x86_64