CRAN Package Check Results for Package memery

Last updated on 2020-01-27 00:48:08 CET.

Flavor Version Tinstall Tcheck Ttotal Status Flags
r-devel-linux-x86_64-debian-clang 0.5.2 3.45 57.26 60.71 NOTE
r-devel-linux-x86_64-debian-gcc 0.5.2 2.71 43.38 46.09 NOTE
r-devel-linux-x86_64-fedora-clang 0.5.2 71.29 NOTE
r-devel-linux-x86_64-fedora-gcc 0.5.2 78.92 NOTE
r-devel-windows-ix86+x86_64 0.5.2 10.00 101.00 111.00 OK
r-devel-windows-ix86+x86_64-gcc8 0.5.2 15.00 80.00 95.00 OK
r-patched-linux-x86_64 0.5.2 2.88 52.05 54.93 OK
r-patched-solaris-x86 0.5.2 98.20 NOTE
r-release-linux-x86_64 0.5.2 2.73 51.16 53.89 OK
r-release-windows-ix86+x86_64 0.5.2 8.00 66.00 74.00 OK
r-release-osx-x86_64 0.5.2 NOTE
r-oldrel-windows-ix86+x86_64 0.5.2 5.00 68.00 73.00 OK
r-oldrel-osx-x86_64 0.5.2 NOTE

Check Details

Version: 0.5.2
Check: for non-standard things in the check directory
Result: NOTE
    Found the following files/directories:
     'meme_data2.jpg'
Flavors: r-devel-linux-x86_64-debian-clang, r-devel-linux-x86_64-debian-gcc, r-devel-linux-x86_64-fedora-clang, r-devel-linux-x86_64-fedora-gcc

Version: 0.5.2
Check: dependencies in R code
Result: NOTE
    Namespaces in Imports field not imported from:
     ‘colourpicker’ ‘shinyBS’ ‘shinycssloaders’
     All declared Imports should be used.
Flavors: r-devel-linux-x86_64-fedora-clang, r-devel-linux-x86_64-fedora-gcc, r-patched-solaris-x86, r-release-osx-x86_64, r-oldrel-osx-x86_64

Version: 0.5.2
Check: package dependencies
Result: NOTE
    Package suggested but not available for checking: ‘gifski’
Flavor: r-patched-solaris-x86