CRAN Package Check Results for Package mdsr

Last updated on 2020-01-27 00:48:08 CET.

Flavor Version Tinstall Tcheck Ttotal Status Flags
r-devel-linux-x86_64-debian-clang 0.1.7 19.99 105.66 125.65 OK
r-devel-linux-x86_64-debian-gcc 0.1.7 16.51 85.11 101.62 OK
r-devel-linux-x86_64-fedora-clang 0.1.7 156.02 NOTE
r-devel-linux-x86_64-fedora-gcc 0.1.7 152.99 NOTE
r-devel-windows-ix86+x86_64 0.1.7 52.00 167.00 219.00 NOTE
r-devel-windows-ix86+x86_64-gcc8 0.1.7 49.00 118.00 167.00 NOTE
r-patched-linux-x86_64 0.1.7 16.29 96.02 112.31 OK
r-patched-solaris-x86 0.1.7 235.00 NOTE
r-release-linux-x86_64 0.1.7 17.02 95.55 112.57 OK
r-release-windows-ix86+x86_64 0.1.7 32.00 123.00 155.00 NOTE
r-release-osx-x86_64 0.1.7 NOTE
r-oldrel-windows-ix86+x86_64 0.1.7 22.00 106.00 128.00 NOTE
r-oldrel-osx-x86_64 0.1.7 NOTE

Check Details

Version: 0.1.7
Check: installed package size
Result: NOTE
     installed size is 5.5Mb
     sub-directories of 1Mb or more:
     data 5.4Mb
Flavors: r-devel-linux-x86_64-fedora-clang, r-devel-windows-ix86+x86_64, r-devel-windows-ix86+x86_64-gcc8, r-patched-solaris-x86, r-release-windows-ix86+x86_64, r-release-osx-x86_64, r-oldrel-windows-ix86+x86_64, r-oldrel-osx-x86_64

Version: 0.1.7
Check: data for non-ASCII characters
Result: NOTE
     Note: found 2694 marked UTF-8 strings
Flavors: r-devel-linux-x86_64-fedora-clang, r-devel-linux-x86_64-fedora-gcc, r-patched-solaris-x86, r-release-osx-x86_64, r-oldrel-osx-x86_64