CRAN Package Check Results for Package mbrglm

Last updated on 2020-01-27 00:48:07 CET.

Flavor Version Tinstall Tcheck Ttotal Status Flags
r-devel-linux-x86_64-debian-clang 0.0.1 2.89 21.27 24.16 OK
r-devel-linux-x86_64-debian-gcc 0.0.1 2.32 17.17 19.49 OK
r-devel-linux-x86_64-fedora-clang 0.0.1 30.59 NOTE
r-devel-linux-x86_64-fedora-gcc 0.0.1 29.39 NOTE
r-devel-windows-ix86+x86_64 0.0.1 13.00 64.00 77.00 OK
r-devel-windows-ix86+x86_64-gcc8 0.0.1 12.00 46.00 58.00 OK
r-patched-linux-x86_64 0.0.1 2.38 19.46 21.84 OK
r-patched-solaris-x86 0.0.1 42.80 OK
r-release-linux-x86_64 0.0.1 2.15 19.59 21.74 OK
r-release-windows-ix86+x86_64 0.0.1 7.00 37.00 44.00 OK
r-release-osx-x86_64 0.0.1 OK
r-oldrel-windows-ix86+x86_64 0.0.1 5.00 37.00 42.00 OK
r-oldrel-osx-x86_64 0.0.1 OK

Check Details

Version: 0.0.1
Check: compiled code
Result: NOTE
    File ‘mbrglm/libs/mbrglm.so’:
     Found no calls to: ‘R_registerRoutines’, ‘R_useDynamicSymbols’
    
    It is good practice to register native routines and to disable symbol
    search.
    
    See ‘Writing portable packages’ in the ‘Writing R Extensions’ manual.
Flavors: r-devel-linux-x86_64-fedora-clang, r-devel-linux-x86_64-fedora-gcc