CRAN Package Check Results for Package mboost

Last updated on 2020-01-27 00:48:07 CET.

Flavor Version Tinstall Tcheck Ttotal Status Flags
r-devel-linux-x86_64-debian-clang 2.9-1 16.08 542.95 559.03 OK
r-devel-linux-x86_64-debian-gcc 2.9-1 15.67 395.51 411.18 OK
r-devel-linux-x86_64-fedora-clang 2.9-1 661.97 NOTE
r-devel-linux-x86_64-fedora-gcc 2.9-1 654.15 NOTE
r-devel-windows-ix86+x86_64 2.9-1 43.00 215.00 258.00 OK --no-vignettes
r-devel-windows-ix86+x86_64-gcc8 2.9-1 42.00 225.00 267.00 OK --no-vignettes
r-patched-linux-x86_64 2.9-1 15.35 459.37 474.72 OK
r-patched-solaris-x86 2.9-1 734.50 OK
r-release-linux-x86_64 2.9-1 15.73 459.20 474.93 OK
r-release-windows-ix86+x86_64 2.9-1 24.00 286.00 310.00 OK --no-vignettes
r-release-osx-x86_64 2.9-1 NOTE
r-oldrel-windows-ix86+x86_64 2.9-1 18.00 182.00 200.00 OK --no-vignettes
r-oldrel-osx-x86_64 2.9-1 OK

Check Details

Version: 2.9-1
Check: top-level files
Result: NOTE
    ‘cleanup’: /bin/bash is not portable
Flavors: r-devel-linux-x86_64-fedora-clang, r-devel-linux-x86_64-fedora-gcc

Version: 2.9-1
Check: package dependencies
Result: NOTE
    Package suggested but not available for checking: ‘kangar00’
Flavor: r-release-osx-x86_64

Version: 2.9-1
Check: Rd cross-references
Result: NOTE
    Package unavailable to check Rd xrefs: ‘kangar00’
Flavor: r-release-osx-x86_64