Last updated on 2020-01-27 00:48:07 CET.
Flavor | Version | Tinstall | Tcheck | Ttotal | Status | Flags |
---|---|---|---|---|---|---|
r-devel-linux-x86_64-debian-clang | 1.0-2 | 195.88 | 145.48 | 341.36 | OK | |
r-devel-linux-x86_64-debian-gcc | 1.0-2 | 143.07 | 108.99 | 252.06 | OK | |
r-devel-linux-x86_64-fedora-clang | 1.0-2 | 461.66 | NOTE | |||
r-devel-linux-x86_64-fedora-gcc | 1.0-2 | 465.71 | OK | |||
r-devel-windows-ix86+x86_64 | 1.0-2 | 467.00 | 235.00 | 702.00 | NOTE | |
r-devel-windows-ix86+x86_64-gcc8 | 1.0-2 | 511.00 | 261.00 | 772.00 | NOTE | |
r-patched-linux-x86_64 | 1.0-2 | 148.70 | 132.12 | 280.82 | OK | |
r-patched-solaris-x86 | 1.0-2 | 421.50 | NOTE | |||
r-release-linux-x86_64 | 1.0-2 | 152.87 | 132.93 | 285.80 | OK | |
r-release-windows-ix86+x86_64 | 1.0-2 | 334.00 | 179.00 | 513.00 | NOTE | |
r-release-osx-x86_64 | 1.0-2 | NOTE | ||||
r-oldrel-windows-ix86+x86_64 | 1.0-2 | 325.00 | 168.00 | 493.00 | NOTE | |
r-oldrel-osx-x86_64 | 1.0-2 | NOTE |
Version: 1.0-2
Check: installed package size
Result: NOTE
installed size is 15.0Mb
sub-directories of 1Mb or more:
java 3.3Mb
libs 10.5Mb
Flavors: r-devel-linux-x86_64-fedora-clang, r-devel-windows-ix86+x86_64, r-devel-windows-ix86+x86_64-gcc8, r-patched-solaris-x86, r-release-windows-ix86+x86_64, r-release-osx-x86_64, r-oldrel-windows-ix86+x86_64, r-oldrel-osx-x86_64