CRAN Package Check Results for Package matR

Last updated on 2020-01-27 00:48:07 CET.

Flavor Version Tinstall Tcheck Ttotal Status Flags
r-devel-linux-x86_64-debian-clang 0.9.1 3.66 40.16 43.82 OK
r-devel-linux-x86_64-debian-gcc 0.9.1 3.02 31.70 34.72 OK
r-devel-linux-x86_64-fedora-clang 0.9.1 54.73 NOTE
r-devel-linux-x86_64-fedora-gcc 0.9.1 53.21 OK
r-devel-windows-ix86+x86_64 0.9.1 10.00 83.00 93.00 OK
r-devel-windows-ix86+x86_64-gcc8 0.9.1 12.00 50.00 62.00 OK
r-patched-linux-x86_64 0.9.1 2.92 36.75 39.67 OK
r-patched-solaris-x86 0.9.1 70.10 OK
r-release-linux-x86_64 0.9.1 3.27 36.98 40.25 OK
r-release-windows-ix86+x86_64 0.9.1 7.00 55.00 62.00 OK
r-release-osx-x86_64 0.9.1 NOTE
r-oldrel-windows-ix86+x86_64 0.9.1 5.00 46.00 51.00 OK
r-oldrel-osx-x86_64 0.9.1 OK

Check Details

Version: 0.9.1
Check: package dependencies
Result: NOTE
    Suggests orphaned package: ‘gplots’
Flavor: r-devel-linux-x86_64-fedora-clang

Version: 0.9.1
Check: package dependencies
Result: NOTE
    Package suggested but not available for checking: ‘qvalue’
Flavor: r-release-osx-x86_64