Last updated on 2020-01-27 00:48:07 CET.
Flavor | Version | Tinstall | Tcheck | Ttotal | Status | Flags |
---|---|---|---|---|---|---|
r-devel-linux-x86_64-debian-clang | 0.8.2 | 161.56 | 302.84 | 464.40 | OK | |
r-devel-linux-x86_64-debian-gcc | 0.8.2 | 120.03 | 225.11 | 345.14 | OK | |
r-devel-linux-x86_64-fedora-clang | 0.8.2 | 583.94 | NOTE | |||
r-devel-linux-x86_64-fedora-gcc | 0.8.2 | 574.53 | OK | |||
r-devel-windows-ix86+x86_64 | 0.8.2 | 367.00 | 464.00 | 831.00 | OK | |
r-devel-windows-ix86+x86_64-gcc8 | 0.8.2 | 405.00 | 356.00 | 761.00 | NOTE | |
r-patched-linux-x86_64 | 0.8.2 | 129.69 | 278.50 | 408.19 | OK | |
r-patched-solaris-x86 | 0.8.2 | 570.30 | OK | |||
r-release-linux-x86_64 | 0.8.2 | 134.16 | 273.15 | 407.31 | OK | |
r-release-windows-ix86+x86_64 | 0.8.2 | 285.00 | 308.00 | 593.00 | OK | |
r-release-osx-x86_64 | 0.8.2 | NOTE | ||||
r-oldrel-windows-ix86+x86_64 | 0.8.0 | 279.00 | 268.00 | 547.00 | WARN | |
r-oldrel-osx-x86_64 | 0.8.2 | ERROR |
Version: 0.8.2
Check: installed package size
Result: NOTE
installed size is 11.2Mb
sub-directories of 1Mb or more:
doc 1.1Mb
libs 9.3Mb
Flavors: r-devel-linux-x86_64-fedora-clang, r-devel-windows-ix86+x86_64-gcc8, r-release-osx-x86_64
Version: 0.8.0
Check: re-building of vignette outputs
Result: WARN
Error in re-building vignettes:
...
Package: markovchain
Version: 0.8.0
Date: 2019-09-13
BugReport: http://github.com/spedygiorgio/markovchain/issues
Loading required package: TraMineR
TraMineR stable version 2.0-13 (Built: 2019-12-14)
Website: http://traminer.unige.ch
Please type 'citation("TraMineR")' for citation information.
Loading required package: colorspace
! LaTeX Error: Option clash for package hyperref.
Error: processing vignette 'an_introduction_to_markovchain_package.Rmd' failed with diagnostics:
Failed to compile an_introduction_to_markovchain_package.tex. See https://yihui.org/tinytex/r/#debugging for debugging tips. See an_introduction_to_markovchain_package.log for more info.
Execution halted
Flavor: r-oldrel-windows-ix86+x86_64
Version: 0.8.2
Check: whether package can be installed
Result: ERROR
Installation failed.
Flavor: r-oldrel-osx-x86_64