CRAN Package Check Results for Package mafs

Last updated on 2020-01-27 00:48:07 CET.

Flavor Version Tinstall Tcheck Ttotal Status Flags
r-devel-linux-x86_64-debian-clang 0.0.3 6.65 59.72 66.37 OK
r-devel-linux-x86_64-debian-gcc 0.0.3 5.25 46.27 51.52 OK
r-devel-linux-x86_64-fedora-clang 0.0.3 78.97 NOTE
r-devel-linux-x86_64-fedora-gcc 0.0.3 76.26 NOTE
r-devel-windows-ix86+x86_64 0.0.3 36.00 124.00 160.00 OK
r-devel-windows-ix86+x86_64-gcc8 0.0.3 32.00 83.00 115.00 OK
r-patched-linux-x86_64 0.0.3 5.66 51.04 56.70 OK
r-patched-solaris-x86 0.0.3 104.60 NOTE
r-release-linux-x86_64 0.0.3 4.82 51.45 56.27 OK
r-release-windows-ix86+x86_64 0.0.3 14.00 72.00 86.00 OK
r-release-osx-x86_64 0.0.3 NOTE
r-oldrel-windows-ix86+x86_64 0.0.3 10.00 69.00 79.00 OK
r-oldrel-osx-x86_64 0.0.3 NOTE

Check Details

Version: 0.0.3
Check: package dependencies
Result: NOTE
    Imports includes 22 non-default packages.
    Importing from so many packages makes the package vulnerable to any of
    them becoming unavailable. Move as many as possible to Suggests and
    use conditionally.
Flavor: r-devel-linux-x86_64-fedora-clang

Version: 0.0.3
Check: dependencies in R code
Result: NOTE
    Namespaces in Imports field not imported from:
     ‘Rcpp’ ‘cmprsk’ ‘colorspace’ ‘etm’ ‘fracdiff’ ‘gtable’ ‘munsell’
     ‘numDeriv’ ‘plyr’ ‘quadprog’ ‘scales’ ‘timeDate’ ‘tseries’ ‘zoo’
     All declared Imports should be used.
Flavors: r-devel-linux-x86_64-fedora-clang, r-devel-linux-x86_64-fedora-gcc, r-patched-solaris-x86, r-release-osx-x86_64, r-oldrel-osx-x86_64