Last updated on 2020-01-27 00:48:07 CET.
Flavor | Version | Tinstall | Tcheck | Ttotal | Status | Flags |
---|---|---|---|---|---|---|
r-devel-linux-x86_64-debian-clang | 0.3.1 | 25.46 | 50.80 | 76.26 | OK | |
r-devel-linux-x86_64-debian-gcc | 0.3.1 | 17.83 | 39.99 | 57.82 | OK | |
r-devel-linux-x86_64-fedora-clang | 0.3.1 | 97.86 | OK | |||
r-devel-linux-x86_64-fedora-gcc | 0.3.1 | 93.79 | OK | |||
r-devel-windows-ix86+x86_64 | 0.3.1 | 59.00 | 168.00 | 227.00 | NOTE | |
r-devel-windows-ix86+x86_64-gcc8 | 0.3.1 | 60.00 | 146.00 | 206.00 | NOTE | |
r-patched-linux-x86_64 | 0.3.1 | 20.59 | 46.38 | 66.97 | OK | |
r-patched-solaris-x86 | 0.3.1 | 142.30 | OK | |||
r-release-linux-x86_64 | 0.3.1 | 19.41 | 46.54 | 65.95 | OK | |
r-release-windows-ix86+x86_64 | 0.3.1 | 41.00 | 121.00 | 162.00 | NOTE | |
r-release-osx-x86_64 | 0.3.1 | OK | ||||
r-oldrel-windows-ix86+x86_64 | 0.3.1 | 34.00 | 115.00 | 149.00 | NOTE | |
r-oldrel-osx-x86_64 | 0.3.1 | OK |
Version: 0.3.1
Check: installed package size
Result: NOTE
installed size is 5.8Mb
sub-directories of 1Mb or more:
R 4.0Mb
libs 1.6Mb
Flavors: r-devel-windows-ix86+x86_64, r-devel-windows-ix86+x86_64-gcc8, r-release-windows-ix86+x86_64, r-oldrel-windows-ix86+x86_64