CRAN Package Check Results for Package ltsa

Last updated on 2020-01-27 00:48:07 CET.

Flavor Version Tinstall Tcheck Ttotal Status Flags
r-devel-linux-x86_64-debian-clang 1.4.6 5.23 28.40 33.63 OK
r-devel-linux-x86_64-debian-gcc 1.4.6 3.38 22.40 25.78 OK
r-devel-linux-x86_64-fedora-clang 1.4.6 41.31 NOTE
r-devel-linux-x86_64-fedora-gcc 1.4.6 39.99 NOTE
r-devel-windows-ix86+x86_64 1.4.6 25.00 63.00 88.00 OK
r-devel-windows-ix86+x86_64-gcc8 1.4.6 18.00 77.00 95.00 OK
r-patched-linux-x86_64 1.4.6 3.26 26.65 29.91 OK
r-patched-solaris-x86 1.4.6 52.60 OK
r-release-linux-x86_64 1.4.6 3.61 26.62 30.23 OK
r-release-windows-ix86+x86_64 1.4.6 26.00 61.00 87.00 OK
r-release-osx-x86_64 1.4.6 OK
r-oldrel-windows-ix86+x86_64 1.4.6 15.00 44.00 59.00 OK
r-oldrel-osx-x86_64 1.4.6 OK

Check Details

Version: 1.4.6
Check: compiled code
Result: NOTE
    File ‘ltsa/libs/ltsa.so’:
     Found no calls to: ‘R_registerRoutines’, ‘R_useDynamicSymbols’
    
    It is good practice to register native routines and to disable symbol
    search.
    
    See ‘Writing portable packages’ in the ‘Writing R Extensions’ manual.
Flavors: r-devel-linux-x86_64-fedora-clang, r-devel-linux-x86_64-fedora-gcc