CRAN Package Check Results for Package lpbrim

Last updated on 2020-01-27 00:48:07 CET.

Flavor Version Tinstall Tcheck Ttotal Status Flags
r-devel-linux-x86_64-debian-clang 1.0.0 2.55 20.85 23.40 NOTE
r-devel-linux-x86_64-debian-gcc 1.0.0 1.96 16.74 18.70 NOTE
r-devel-linux-x86_64-fedora-clang 1.0.0 28.81 NOTE
r-devel-linux-x86_64-fedora-gcc 1.0.0 28.24 NOTE
r-devel-windows-ix86+x86_64 1.0.0 9.00 48.00 57.00 NOTE
r-devel-windows-ix86+x86_64-gcc8 1.0.0 9.00 56.00 65.00 NOTE
r-patched-linux-x86_64 1.0.0 1.99 19.44 21.43 NOTE
r-patched-solaris-x86 1.0.0 40.30 NOTE
r-release-linux-x86_64 1.0.0 1.92 18.99 20.91 NOTE
r-release-windows-ix86+x86_64 1.0.0 5.00 30.00 35.00 NOTE
r-release-osx-x86_64 1.0.0 NOTE
r-oldrel-windows-ix86+x86_64 1.0.0 3.00 44.00 47.00 NOTE
r-oldrel-osx-x86_64 1.0.0 NOTE

Check Details

Version: 1.0.0
Check: DESCRIPTION meta-information
Result: NOTE
    Checking should be performed on sources prepared by 'R CMD build'.
Flavors: r-devel-linux-x86_64-debian-clang, r-devel-linux-x86_64-debian-gcc, r-devel-linux-x86_64-fedora-clang, r-devel-linux-x86_64-fedora-gcc, r-devel-windows-ix86+x86_64, r-devel-windows-ix86+x86_64-gcc8, r-patched-linux-x86_64, r-patched-solaris-x86, r-release-linux-x86_64, r-release-windows-ix86+x86_64, r-release-osx-x86_64, r-oldrel-windows-ix86+x86_64, r-oldrel-osx-x86_64

Version: 1.0.0
Check: package dependencies
Result: NOTE
    Package suggested but not available for checking: 'doMC'
Flavors: r-devel-windows-ix86+x86_64, r-devel-windows-ix86+x86_64-gcc8, r-release-windows-ix86+x86_64, r-oldrel-windows-ix86+x86_64