CRAN Package Check Results for Package lmboot

Last updated on 2020-01-27 00:48:07 CET.

Flavor Version Tinstall Tcheck Ttotal Status Flags
r-devel-linux-x86_64-debian-clang 0.0.1 2.93 21.48 24.41 OK
r-devel-linux-x86_64-debian-gcc 0.0.1 2.05 16.91 18.96 OK
r-devel-linux-x86_64-fedora-clang 0.0.1 29.43 OK
r-devel-linux-x86_64-fedora-gcc 0.0.1 28.90 OK
r-devel-windows-ix86+x86_64 0.0.1 11.00 49.00 60.00 OK
r-devel-windows-ix86+x86_64-gcc8 0.0.1 10.00 46.00 56.00 OK
r-patched-linux-x86_64 0.0.1 2.45 19.71 22.16 OK
r-patched-solaris-x86 0.0.1 41.70 OK
r-release-linux-x86_64 0.0.1 2.05 19.58 21.63 OK
r-release-windows-ix86+x86_64 0.0.1 5.00 34.00 39.00 OK
r-release-osx-x86_64 0.0.1 OK
r-oldrel-windows-ix86+x86_64 0.0.1 1.00 6.00 7.00 ERROR
r-oldrel-osx-x86_64 0.0.1 ERROR

Check Details

Version: 0.0.1
Check: package dependencies
Result: ERROR
    Package required and available but unsuitable version: 'stats'
    
    See section 'The DESCRIPTION file' in the 'Writing R Extensions'
    manual.
Flavors: r-oldrel-windows-ix86+x86_64, r-oldrel-osx-x86_64