CRAN Package Check Results for Package lingtypology

Last updated on 2020-01-27 00:48:07 CET.

Flavor Version Tinstall Tcheck Ttotal Status Flags
r-devel-linux-x86_64-debian-clang 1.0.15 7.51 78.67 86.18 OK
r-devel-linux-x86_64-debian-gcc 1.0.15 6.91 59.48 66.39 OK
r-devel-linux-x86_64-fedora-clang 1.0.15 104.82 NOTE
r-devel-linux-x86_64-fedora-gcc 1.0.15 100.91 NOTE
r-devel-windows-ix86+x86_64 1.0.15 18.00 140.00 158.00 OK
r-devel-windows-ix86+x86_64-gcc8 1.0.15 32.00 108.00 140.00 OK
r-patched-linux-x86_64 1.0.15 6.85 68.78 75.63 OK
r-patched-solaris-x86 1.0.15 134.60 NOTE
r-release-linux-x86_64 1.0.15 7.79 68.37 76.16 OK
r-release-windows-ix86+x86_64 1.0.15 11.00 91.00 102.00 OK
r-release-osx-x86_64 1.0.15 NOTE
r-oldrel-windows-ix86+x86_64 1.0.15 10.00 81.00 91.00 OK
r-oldrel-osx-x86_64 1.0.15 NOTE

Check Details

Version: 1.0.15
Check: data for non-ASCII characters
Result: NOTE
     Note: found 129 marked UTF-8 strings
Flavors: r-devel-linux-x86_64-fedora-clang, r-devel-linux-x86_64-fedora-gcc, r-patched-solaris-x86, r-release-osx-x86_64, r-oldrel-osx-x86_64