CRAN Package Check Results for Package libcoin

Last updated on 2020-01-27 00:48:07 CET.

Flavor Version Tinstall Tcheck Ttotal Status Flags
r-devel-linux-x86_64-debian-clang 1.0-5 7.48 63.51 70.99 OK
r-devel-linux-x86_64-debian-gcc 1.0-5 5.12 49.81 54.93 OK
r-devel-linux-x86_64-fedora-clang 1.0-5 90.52 OK
r-devel-linux-x86_64-fedora-gcc 1.0-5 88.25 OK
r-devel-windows-ix86+x86_64 1.0-5 19.00 146.00 165.00 OK
r-devel-windows-ix86+x86_64-gcc8 1.0-5 20.00 146.00 166.00 OK
r-patched-linux-x86_64 1.0-5 5.79 60.78 66.57 OK
r-patched-solaris-x86 1.0-5 116.20 OK
r-release-linux-x86_64 1.0-5 5.22 59.92 65.14 OK
r-release-windows-ix86+x86_64 1.0-5 16.00 108.00 124.00 OK
r-release-osx-x86_64 1.0-5 OK
r-oldrel-windows-ix86+x86_64 1.0-5 14.00 135.00 149.00 WARN
r-oldrel-osx-x86_64 1.0-5 WARN

Check Details

Version: 1.0-5
Check: package subdirectories
Result: WARN
    Problems with news in 'inst/NEWS.Rd':
     inst/NEWS.Rd:10: unknown macro '\proglang'
     inst/NEWS.Rd:47: unknown macro '\proglang'
     inst/NEWS.Rd:69: unknown macro '\proglang'
Flavors: r-oldrel-windows-ix86+x86_64, r-oldrel-osx-x86_64