CRAN Package Check Results for Package lgarch

Last updated on 2020-01-27 00:48:07 CET.

Flavor Version Tinstall Tcheck Ttotal Status Flags
r-devel-linux-x86_64-debian-clang 0.6-2 5.31 32.16 37.47 OK
r-devel-linux-x86_64-debian-gcc 0.6-2 4.04 26.27 30.31 OK
r-devel-linux-x86_64-fedora-clang 0.6-2 45.43 NOTE
r-devel-linux-x86_64-fedora-gcc 0.6-2 44.50 NOTE
r-devel-windows-ix86+x86_64 0.6-2 16.00 86.00 102.00 OK
r-devel-windows-ix86+x86_64-gcc8 0.6-2 15.00 89.00 104.00 OK
r-patched-linux-x86_64 0.6-2 4.47 29.45 33.92 OK
r-patched-solaris-x86 0.6-2 59.50 OK
r-release-linux-x86_64 0.6-2 3.84 29.25 33.09 OK
r-release-windows-ix86+x86_64 0.6-2 9.00 51.00 60.00 OK
r-release-osx-x86_64 0.6-2 OK
r-oldrel-windows-ix86+x86_64 0.6-2 7.00 66.00 73.00 OK
r-oldrel-osx-x86_64 0.6-2 OK

Check Details

Version: 0.6-2
Check: compiled code
Result: NOTE
    File ‘lgarch/libs/lgarch.so’:
     Found no calls to: ‘R_registerRoutines’, ‘R_useDynamicSymbols’
    
    It is good practice to register native routines and to disable symbol
    search.
    
    See ‘Writing portable packages’ in the ‘Writing R Extensions’ manual.
Flavors: r-devel-linux-x86_64-fedora-clang, r-devel-linux-x86_64-fedora-gcc