CRAN Package Check Results for Package leaftime

Last updated on 2020-01-27 00:48:07 CET.

Flavor Version Tinstall Tcheck Ttotal Status Flags
r-devel-linux-x86_64-debian-clang 0.1.2 3.16 27.74 30.90 OK
r-devel-linux-x86_64-debian-gcc 0.1.2 2.37 22.01 24.38 OK
r-devel-linux-x86_64-fedora-clang 0.2.0 38.48 OK
r-devel-linux-x86_64-fedora-gcc 0.1.2 38.25 NOTE
r-devel-windows-ix86+x86_64 0.1.2 22.00 70.00 92.00 OK
r-devel-windows-ix86+x86_64-gcc8 0.1.2 17.00 69.00 86.00 OK
r-patched-linux-x86_64 0.1.2 2.68 25.12 27.80 OK
r-patched-solaris-x86 0.2.0 55.20 OK
r-release-linux-x86_64 0.1.2 2.67 25.42 28.09 OK
r-release-windows-ix86+x86_64 0.1.2 8.00 42.00 50.00 OK
r-release-osx-x86_64 0.1.2 NOTE
r-oldrel-windows-ix86+x86_64 0.1.2 4.00 43.00 47.00 OK
r-oldrel-osx-x86_64 0.1.2 NOTE

Check Details

Version: 0.1.2
Check: dependencies in R code
Result: NOTE
    Namespace in Imports field not imported from: ‘geojsonio’
     All declared Imports should be used.
Flavors: r-devel-linux-x86_64-fedora-gcc, r-release-osx-x86_64, r-oldrel-osx-x86_64