CRAN Package Check Results for Package leafletCN

Last updated on 2020-01-27 00:48:07 CET.

Flavor Version Tinstall Tcheck Ttotal Status Flags
r-devel-linux-x86_64-debian-clang 0.2.1 5.86 43.68 49.54 OK
r-devel-linux-x86_64-debian-gcc 0.2.1 5.04 33.74 38.78 OK
r-devel-linux-x86_64-fedora-clang 0.2.1 59.86 NOTE
r-devel-linux-x86_64-fedora-gcc 0.2.1 58.38 NOTE
r-devel-windows-ix86+x86_64 0.2.1 30.00 91.00 121.00 NOTE
r-devel-windows-ix86+x86_64-gcc8 0.2.1 26.00 84.00 110.00 NOTE
r-patched-linux-x86_64 0.2.1 4.93 38.59 43.52 OK
r-patched-solaris-x86 0.2.1 83.00 NOTE
r-release-linux-x86_64 0.2.1 5.21 38.42 43.63 OK
r-release-windows-ix86+x86_64 0.2.1 15.00 57.00 72.00 NOTE
r-release-osx-x86_64 0.2.1 NOTE
r-oldrel-windows-ix86+x86_64 0.2.1 9.00 52.00 61.00 NOTE
r-oldrel-osx-x86_64 0.2.1 NOTE

Check Details

Version: 0.2.1
Check: installed package size
Result: NOTE
     installed size is 12.1Mb
     sub-directories of 1Mb or more:
     geojson 11.9Mb
Flavors: r-devel-linux-x86_64-fedora-clang, r-devel-windows-ix86+x86_64, r-devel-windows-ix86+x86_64-gcc8, r-patched-solaris-x86, r-release-windows-ix86+x86_64, r-release-osx-x86_64, r-oldrel-windows-ix86+x86_64, r-oldrel-osx-x86_64

Version: 0.2.1
Check: dependencies in R code
Result: NOTE
    Namespace in Imports field not imported from: ‘rgeos’
     All declared Imports should be used.
Flavors: r-devel-linux-x86_64-fedora-clang, r-devel-linux-x86_64-fedora-gcc, r-patched-solaris-x86, r-release-osx-x86_64, r-oldrel-osx-x86_64

Version: 0.2.1
Check: data for non-ASCII characters
Result: NOTE
     Note: found 1096 marked UTF-8 strings
Flavors: r-devel-linux-x86_64-fedora-clang, r-devel-linux-x86_64-fedora-gcc, r-patched-solaris-x86, r-release-osx-x86_64, r-oldrel-osx-x86_64