CRAN Package Check Results for Package ldamatch

Last updated on 2020-01-27 00:48:06 CET.

Flavor Version Tinstall Tcheck Ttotal Status Flags
r-devel-linux-x86_64-debian-clang 1.0.1 5.91 175.10 181.01 OK
r-devel-linux-x86_64-debian-gcc 1.0.1 5.15 129.57 134.72 OK
r-devel-linux-x86_64-fedora-clang 1.0.1 195.96 OK
r-devel-linux-x86_64-fedora-gcc 1.0.1 195.19 OK
r-devel-windows-ix86+x86_64 1.0.1 23.00 281.00 304.00 NOTE
r-devel-windows-ix86+x86_64-gcc8 1.0.1 27.00 224.00 251.00 NOTE
r-patched-linux-x86_64 1.0.1 5.38 146.27 151.65 OK
r-patched-solaris-x86 1.0.1 391.80 OK
r-release-linux-x86_64 1.0.1 6.04 149.13 155.17 OK
r-release-windows-ix86+x86_64 1.0.1 14.00 186.00 200.00 NOTE
r-release-osx-x86_64 1.0.1 OK
r-oldrel-windows-ix86+x86_64 1.0.1 8.00 188.00 196.00 NOTE
r-oldrel-osx-x86_64 1.0.1 OK

Check Details

Version: 1.0.1
Check: package dependencies
Result: NOTE
    Package suggested but not available for checking: 'doMC'
Flavors: r-devel-windows-ix86+x86_64, r-devel-windows-ix86+x86_64-gcc8, r-release-windows-ix86+x86_64, r-oldrel-windows-ix86+x86_64