CRAN Package Check Results for Package labdsv

Last updated on 2020-01-27 00:48:06 CET.

Flavor Version Tinstall Tcheck Ttotal Status Flags
r-devel-linux-x86_64-debian-clang 2.0-1 12.90 87.85 100.75 OK
r-devel-linux-x86_64-debian-gcc 2.0-1 10.37 66.02 76.39 OK
r-devel-linux-x86_64-fedora-clang 2.0-1 118.56 NOTE
r-devel-linux-x86_64-fedora-gcc 2.0-1 118.38 NOTE
r-devel-windows-ix86+x86_64 2.0-1 36.00 194.00 230.00 OK
r-devel-windows-ix86+x86_64-gcc8 2.0-1 36.00 161.00 197.00 OK
r-patched-linux-x86_64 2.0-1 10.09 78.79 88.88 OK
r-patched-solaris-x86 2.0-1 162.20 OK
r-release-linux-x86_64 2.0-1 9.62 78.86 88.48 OK
r-release-windows-ix86+x86_64 2.0-1 25.00 139.00 164.00 OK
r-release-osx-x86_64 2.0-1 OK
r-oldrel-windows-ix86+x86_64 2.0-1 19.00 117.00 136.00 OK
r-oldrel-osx-x86_64 2.0-1 OK

Check Details

Version: 2.0-1
Check: compiled code
Result: NOTE
    File ‘labdsv/libs/labdsv.so’:
     Found no calls to: ‘R_registerRoutines’, ‘R_useDynamicSymbols’
    
    It is good practice to register native routines and to disable symbol
    search.
    
    See ‘Writing portable packages’ in the ‘Writing R Extensions’ manual.
Flavors: r-devel-linux-x86_64-fedora-clang, r-devel-linux-x86_64-fedora-gcc