Last updated on 2020-01-27 00:48:06 CET.
Flavor | Version | Tinstall | Tcheck | Ttotal | Status | Flags |
---|---|---|---|---|---|---|
r-devel-linux-x86_64-debian-clang | 1.11.6 | 25.42 | 168.62 | 194.04 | OK | |
r-devel-linux-x86_64-debian-gcc | 1.11.6 | 21.52 | 124.49 | 146.01 | OK | |
r-devel-linux-x86_64-fedora-clang | 1.11.6 | 224.62 | OK | |||
r-devel-linux-x86_64-fedora-gcc | 1.11.6 | 226.09 | OK | |||
r-devel-windows-ix86+x86_64 | 1.11.6 | 51.00 | 318.00 | 369.00 | OK | |
r-devel-windows-ix86+x86_64-gcc8 | 1.11.6 | 51.00 | 300.00 | 351.00 | OK | |
r-patched-linux-x86_64 | 1.11.6 | 22.83 | 151.24 | 174.07 | OK | |
r-patched-solaris-x86 | 1.11.6 | 363.20 | OK | |||
r-release-linux-x86_64 | 1.11.6 | 20.61 | 152.38 | 172.99 | OK | |
r-release-windows-ix86+x86_64 | 1.11.6 | 31.00 | 219.00 | 250.00 | OK | |
r-release-osx-x86_64 | 1.11.6 | NOTE | ||||
r-oldrel-windows-ix86+x86_64 | 1.11.6 | 26.00 | 190.00 | 216.00 | OK | |
r-oldrel-osx-x86_64 | 1.11.6 | NOTE |
Version: 1.11.6
Check: dependencies in R code
Result: NOTE
No protocol specified
Flavors: r-release-osx-x86_64, r-oldrel-osx-x86_64