CRAN Package Check Results for Package keras

Last updated on 2020-01-27 00:48:06 CET.

Flavor Version Tinstall Tcheck Ttotal Status Flags
r-devel-linux-x86_64-debian-clang 2.2.5.0 15.73 114.22 129.95 OK
r-devel-linux-x86_64-debian-gcc 2.2.5.0 12.55 89.63 102.18 OK
r-devel-linux-x86_64-fedora-clang 2.2.5.0 158.06 NOTE
r-devel-linux-x86_64-fedora-gcc 2.2.5.0 154.65 OK
r-devel-windows-ix86+x86_64 2.2.5.0 32.00 195.00 227.00 NOTE
r-devel-windows-ix86+x86_64-gcc8 2.2.5.0 40.00 158.00 198.00 NOTE
r-patched-linux-x86_64 2.2.5.0 14.71 105.57 120.28 OK
r-patched-solaris-x86 2.2.5.0 170.00 NOTE
r-release-linux-x86_64 2.2.5.0 12.56 105.93 118.49 OK
r-release-windows-ix86+x86_64 2.2.5.0 25.00 140.00 165.00 NOTE
r-release-osx-x86_64 2.2.5.0 NOTE
r-oldrel-windows-ix86+x86_64 2.2.5.0 23.00 112.00 135.00 NOTE
r-oldrel-osx-x86_64 2.2.5.0 NOTE

Check Details

Version: 2.2.5.0
Check: installed package size
Result: NOTE
     installed size is 6.0Mb
     sub-directories of 1Mb or more:
     doc 4.5Mb
Flavors: r-devel-linux-x86_64-fedora-clang, r-devel-windows-ix86+x86_64, r-devel-windows-ix86+x86_64-gcc8, r-patched-solaris-x86, r-release-windows-ix86+x86_64, r-release-osx-x86_64, r-oldrel-windows-ix86+x86_64, r-oldrel-osx-x86_64