Last updated on 2020-01-27 00:48:06 CET.
Flavor | Version | Tinstall | Tcheck | Ttotal | Status | Flags |
---|---|---|---|---|---|---|
r-devel-linux-x86_64-debian-clang | 0.4.1 | 210.10 | 134.32 | 344.42 | OK | |
r-devel-linux-x86_64-debian-gcc | 0.4.1 | 78.84 | 86.83 | 165.67 | OK | |
r-devel-linux-x86_64-fedora-clang | 0.4.1 | 284.38 | NOTE | |||
r-devel-linux-x86_64-fedora-gcc | 0.4.1 | 287.08 | OK | |||
r-devel-windows-ix86+x86_64 | 0.4.1 | 213.00 | 208.00 | 421.00 | NOTE | |
r-devel-windows-ix86+x86_64-gcc8 | 0.4.1 | 195.00 | 176.00 | 371.00 | NOTE | |
r-patched-linux-x86_64 | 0.4.1 | 74.59 | 107.01 | 181.60 | OK | |
r-patched-solaris-x86 | 0.4.1 | 379.20 | OK | |||
r-release-linux-x86_64 | 0.4.1 | 71.29 | 105.41 | 176.70 | OK | |
r-release-windows-ix86+x86_64 | 0.4.1 | 162.00 | 157.00 | 319.00 | NOTE | |
r-release-osx-x86_64 | 0.4.1 | NOTE | ||||
r-oldrel-windows-ix86+x86_64 | 0.4.1 | 151.00 | 153.00 | 304.00 | NOTE | |
r-oldrel-osx-x86_64 | 0.4.1 | NOTE |
Version: 0.4.1
Check: installed package size
Result: NOTE
installed size is 16.5Mb
sub-directories of 1Mb or more:
doc 1.3Mb
libs 14.8Mb
Flavors: r-devel-linux-x86_64-fedora-clang, r-devel-windows-ix86+x86_64, r-devel-windows-ix86+x86_64-gcc8, r-release-windows-ix86+x86_64, r-release-osx-x86_64, r-oldrel-windows-ix86+x86_64, r-oldrel-osx-x86_64