CRAN Package Check Results for Package jtools

Last updated on 2020-01-27 00:48:06 CET.

Flavor Version Tinstall Tcheck Ttotal Status Flags
r-devel-linux-x86_64-debian-clang 2.0.1 11.52 172.92 184.44 WARN
r-devel-linux-x86_64-debian-gcc 2.0.2 9.57 129.93 139.50 NOTE
r-devel-linux-x86_64-fedora-clang 2.0.2 211.46 NOTE
r-devel-linux-x86_64-fedora-gcc 2.0.2 220.73 NOTE
r-devel-windows-ix86+x86_64 2.0.2 31.00 238.00 269.00 OK
r-devel-windows-ix86+x86_64-gcc8 2.0.1 35.00 191.00 226.00 WARN
r-patched-linux-x86_64 2.0.1 9.18 149.82 159.00 WARN
r-patched-solaris-x86 2.0.2 225.30 NOTE
r-release-linux-x86_64 2.0.2 9.94 152.03 161.97 NOTE
r-release-windows-ix86+x86_64 2.0.1 19.00 157.00 176.00 WARN
r-release-osx-x86_64 2.0.1 OK
r-oldrel-windows-ix86+x86_64 2.0.2 23.00 271.00 294.00 WARN
r-oldrel-osx-x86_64 2.0.1 OK

Check Details

Version: 2.0.1
Check: package dependencies
Result: NOTE
    Package which this enhances but not available for checking: 'rstanarm'
Flavors: r-devel-linux-x86_64-debian-clang, r-patched-linux-x86_64

Version: 2.0.1
Check: Rd cross-references
Result: WARN
    Missing link or links in documentation object 'summ.merMod.Rd':
     '[piecewiseSEM:sem.model.fits]{piecewiseSEM::sem.model.fits()}'
    
    See section 'Cross-references' in the 'Writing R Extensions' manual.
Flavors: r-devel-linux-x86_64-debian-clang, r-devel-windows-ix86+x86_64-gcc8, r-patched-linux-x86_64, r-release-windows-ix86+x86_64

Version: 2.0.2
Check: package dependencies
Result: NOTE
    Package which this enhances but not available for checking: ‘rstanarm’
Flavors: r-devel-linux-x86_64-debian-gcc, r-devel-linux-x86_64-fedora-clang, r-devel-linux-x86_64-fedora-gcc, r-patched-solaris-x86, r-release-linux-x86_64

Version: 2.0.2
Check: for missing documentation entries
Result: WARN
    Undocumented code objects:
     'tidy.glht' 'tidy.summary.glht'
    All user-level objects in a package should have documentation entries.
    See chapter 'Writing R documentation files' in the 'Writing R
    Extensions' manual.
Flavor: r-oldrel-windows-ix86+x86_64