CRAN Package Check Results for Package jsmodule

Last updated on 2020-01-27 00:48:06 CET.

Flavor Version Tinstall Tcheck Ttotal Status Flags
r-devel-linux-x86_64-debian-clang 1.0.4 28.93 191.26 220.19 OK
r-devel-linux-x86_64-debian-gcc 1.0.4 27.50 146.43 173.93 OK
r-devel-linux-x86_64-fedora-clang 1.0.4 261.96 NOTE
r-devel-linux-x86_64-fedora-gcc 1.0.4 274.09 NOTE
r-devel-windows-ix86+x86_64 1.0.4 106.00 289.00 395.00 OK
r-devel-windows-ix86+x86_64-gcc8 1.0.4 101.00 231.00 332.00 OK
r-patched-linux-x86_64 1.0.4 24.01 166.90 190.91 OK
r-patched-solaris-x86 1.0.4 335.30 NOTE
r-release-linux-x86_64 1.0.4 27.82 165.68 193.50 OK
r-release-windows-ix86+x86_64 1.0.4 54.00 189.00 243.00 OK
r-release-osx-x86_64 1.0.4 NOTE
r-oldrel-windows-ix86+x86_64 1.0.4 36.00 170.00 206.00 OK
r-oldrel-osx-x86_64 1.0.4 NOTE

Check Details

Version: 1.0.4
Check: package dependencies
Result: NOTE
    Imports includes 30 non-default packages.
    Importing from so many packages makes the package vulnerable to any of
    them becoming unavailable. Move as many as possible to Suggests and
    use conditionally.
Flavor: r-devel-linux-x86_64-fedora-clang

Version: 1.0.4
Check: dependencies in R code
Result: NOTE
    Namespace in Imports field not imported from: ‘survC1’
     All declared Imports should be used.
Flavors: r-devel-linux-x86_64-fedora-clang, r-devel-linux-x86_64-fedora-gcc, r-patched-solaris-x86, r-release-osx-x86_64, r-oldrel-osx-x86_64