CRAN Package Check Results for Package jsTree

Last updated on 2020-01-27 00:48:06 CET.

Flavor Version Tinstall Tcheck Ttotal Status Flags
r-devel-linux-x86_64-debian-clang 1.0.1 3.59 29.27 32.86 OK
r-devel-linux-x86_64-debian-gcc 1.0.1 3.03 22.93 25.96 OK
r-devel-linux-x86_64-fedora-clang 1.0.1 39.73 OK
r-devel-linux-x86_64-fedora-gcc 1.0.1 38.13 OK
r-devel-windows-ix86+x86_64 1.0.1 15.00 61.00 76.00 OK
r-devel-windows-ix86+x86_64-gcc8 1.0.1 15.00 59.00 74.00 OK
r-patched-linux-x86_64 1.0.1 2.95 26.48 29.43 OK
r-patched-solaris-x86 1.0.1 56.90 NOTE
r-release-linux-x86_64 1.0.1 2.90 26.48 29.38 OK
r-release-windows-ix86+x86_64 1.0.1 9.00 44.00 53.00 OK
r-release-osx-x86_64 1.0.1 OK
r-oldrel-windows-ix86+x86_64 1.0.1 7.00 39.00 46.00 OK
r-oldrel-osx-x86_64 1.0.1 OK

Check Details

Version: 1.0.1
Check: installed package size
Result: NOTE
     installed size is 5.1Mb
     sub-directories of 1Mb or more:
     htmlwidgets 5.0Mb
Flavor: r-patched-solaris-x86