CRAN Package Check Results for Package joineR

Last updated on 2020-01-27 00:48:06 CET.

Flavor Version Tinstall Tcheck Ttotal Status Flags
r-devel-linux-x86_64-debian-clang 1.2.4 12.20 447.08 459.28 OK
r-devel-linux-x86_64-debian-gcc 1.2.4 9.63 319.10 328.73 OK
r-devel-linux-x86_64-fedora-clang 1.2.4 515.76 OK
r-devel-linux-x86_64-fedora-gcc 1.2.4 505.45 OK
r-devel-windows-ix86+x86_64 1.2.4 26.00 420.00 446.00 WARN
r-devel-windows-ix86+x86_64-gcc8 1.2.4 26.00 358.00 384.00 WARN
r-patched-linux-x86_64 1.2.4 9.06 404.07 413.13 OK
r-patched-solaris-x86 1.2.4 723.80 OK
r-release-linux-x86_64 1.2.4 10.90 407.27 418.17 OK
r-release-windows-ix86+x86_64 1.2.4 15.00 298.00 313.00 WARN
r-release-osx-x86_64 1.2.4 OK
r-oldrel-windows-ix86+x86_64 1.2.4 10.00 245.00 255.00 WARN
r-oldrel-osx-x86_64 1.2.4 OK

Check Details

Version: 1.2.4
Check: re-building of vignette outputs
Result: WARN
    Error(s) in re-building vignettes:
    --- re-building 'competing-risks.Rmd' using rmarkdown
    Quitting from lines 130-135 (competing-risks.Rmd)
    Error: processing vignette 'competing-risks.Rmd' failed with diagnostics:
    there is no package called 'devtools'
    --- failed re-building 'competing-risks.Rmd'
    
    --- re-building 'joineR.Rmd' using rmarkdown
    Quitting from lines 289-300 (joineR.Rmd)
    Error: processing vignette 'joineR.Rmd' failed with diagnostics:
    there is no package called 'devtools'
    --- failed re-building 'joineR.Rmd'
    
    SUMMARY: processing the following files failed:
     'competing-risks.Rmd' 'joineR.Rmd'
    
    Error: Vignette re-building failed.
    Execution halted
Flavors: r-devel-windows-ix86+x86_64, r-devel-windows-ix86+x86_64-gcc8, r-release-windows-ix86+x86_64

Version: 1.2.4
Check: re-building of vignette outputs
Result: WARN
    Error in re-building vignettes:
     ...
    Quitting from lines 130-135 (competing-risks.Rmd)
    Error: processing vignette 'competing-risks.Rmd' failed with diagnostics:
    there is no package called 'devtools'
    Execution halted
Flavor: r-oldrel-windows-ix86+x86_64