CRAN Package Check Results for Package jmvcore

Last updated on 2020-01-27 00:48:06 CET.

Flavor Version Tinstall Tcheck Ttotal Status Flags
r-devel-linux-x86_64-debian-clang 1.0.8 24.23 32.39 56.62 OK
r-devel-linux-x86_64-debian-gcc 1.0.8 22.02 25.40 47.42 OK
r-devel-linux-x86_64-fedora-clang 1.0.8 72.46 OK
r-devel-linux-x86_64-fedora-gcc 1.0.8 72.03 OK
r-devel-windows-ix86+x86_64 1.0.8 44.00 66.00 110.00 OK
r-devel-windows-ix86+x86_64-gcc8 1.0.8 44.00 46.00 90.00 OK
r-patched-linux-x86_64 1.0.8 21.29 29.59 50.88 OK
r-patched-solaris-x86 1.0.8 87.40 NOTE
r-release-linux-x86_64 1.0.8 22.53 29.78 52.31 OK
r-release-windows-ix86+x86_64 1.0.8 30.00 46.00 76.00 OK
r-release-osx-x86_64 1.0.8 OK
r-oldrel-windows-ix86+x86_64 1.0.8 24.00 42.00 66.00 WARN
r-oldrel-osx-x86_64 1.0.8 OK

Check Details

Version: 1.0.8
Check: package dependencies
Result: NOTE
    Package suggested but not available for checking: ‘RProtoBuf’
Flavor: r-patched-solaris-x86

Version: 1.0.8
Check: whether package can be installed
Result: WARN
    Found the following significant warnings:
     Warning: S3 methods '.DollarNames.Message', '.DollarNames.Descriptor', '.DollarNames.EnumDescriptor', '.DollarNames.EnumValueDescriptor', '.DollarNames.FileDescriptor', '.DollarNames.FieldDescriptor', '.DollarNames.ServiceDescriptor', '.DollarNames.MethodDescriptor', '.DollarNames.ZeroCopyInputStream', '.DollarNames.ZeroCopyOutputStream', 'with.Message', 'within.Message', 'as.list.Message', 'as.list.Descriptor', 'as.list.EnumDescriptor', 'as.list.FileDescriptor', 'as.list.ServiceDescriptor', 'all.equal.Message' were declared in NAMESPACE but not found
Flavor: r-oldrel-windows-ix86+x86_64