Last updated on 2020-01-27 00:48:06 CET.
Flavor | Version | Tinstall | Tcheck | Ttotal | Status | Flags |
---|---|---|---|---|---|---|
r-devel-linux-x86_64-debian-clang | 0.11 | 74.33 | 56.83 | 131.16 | OK | |
r-devel-linux-x86_64-debian-gcc | 0.11 | 50.00 | 47.35 | 97.35 | OK | |
r-devel-linux-x86_64-fedora-clang | 0.11 | 182.62 | NOTE | |||
r-devel-linux-x86_64-fedora-gcc | 0.11 | 168.81 | OK | |||
r-devel-windows-ix86+x86_64 | 0.11 | 179.00 | 200.00 | 379.00 | OK | |
r-devel-windows-ix86+x86_64-gcc8 | 0.11 | 174.00 | 129.00 | 303.00 | OK | |
r-patched-linux-x86_64 | 0.11 | 56.42 | 54.71 | 111.13 | OK | |
r-patched-solaris-x86 | 0.11 | 191.40 | OK | |||
r-release-linux-x86_64 | 0.11 | 54.45 | 54.54 | 108.99 | OK | |
r-release-windows-ix86+x86_64 | 0.11 | 139.00 | 143.00 | 282.00 | OK | |
r-release-osx-x86_64 | 0.11 | NOTE | ||||
r-oldrel-windows-ix86+x86_64 | 0.11 | 125.00 | 139.00 | 264.00 | OK | |
r-oldrel-osx-x86_64 | 0.11 | NOTE |
Version: 0.11
Check: installed package size
Result: NOTE
installed size is 6.0Mb
sub-directories of 1Mb or more:
libs 5.5Mb
Flavors: r-devel-linux-x86_64-fedora-clang, r-release-osx-x86_64, r-oldrel-osx-x86_64