CRAN Package Check Results for Package isotree

Last updated on 2020-01-27 00:48:06 CET.

Flavor Version Tinstall Tcheck Ttotal Status Flags
r-devel-linux-x86_64-debian-clang 0.1.8 62.51 33.44 95.95 OK
r-devel-linux-x86_64-debian-gcc 0.1.8 44.93 26.56 71.49 OK
r-devel-linux-x86_64-fedora-clang 0.1.8 133.91 NOTE
r-devel-linux-x86_64-fedora-gcc 0.1.8 125.71 OK
r-devel-windows-ix86+x86_64 0.1.8 156.00 107.00 263.00 OK
r-devel-windows-ix86+x86_64-gcc8 0.1.8 153.00 77.00 230.00 OK
r-patched-linux-x86_64 0.1.8 52.61 30.99 83.60 OK
r-patched-solaris-x86 0.1.8 120.90 OK
r-release-linux-x86_64 0.1.8 53.82 30.98 84.80 OK
r-release-windows-ix86+x86_64 0.1.8 111.00 78.00 189.00 OK
r-release-osx-x86_64 0.1.8 NOTE
r-oldrel-windows-ix86+x86_64 0.1.8 121.00 82.00 203.00 OK
r-oldrel-osx-x86_64 0.1.8 OK

Additional issues

clang-UBSAN gcc-UBSAN valgrind

Check Details

Version: 0.1.8
Check: installed package size
Result: NOTE
     installed size is 5.7Mb
     sub-directories of 1Mb or more:
     libs 5.6Mb
Flavors: r-devel-linux-x86_64-fedora-clang, r-release-osx-x86_64