CRAN Package Check Results for Package iptools

Last updated on 2020-01-27 00:48:06 CET.

Flavor Version Tinstall Tcheck Ttotal Status Flags
r-devel-linux-x86_64-debian-clang 0.6.1 45.08 43.71 88.79 OK
r-devel-linux-x86_64-debian-gcc 0.6.1 31.13 34.01 65.14 OK
r-devel-linux-x86_64-fedora-clang 0.6.1 115.56 NOTE
r-devel-linux-x86_64-fedora-gcc 0.6.1 114.59 NOTE
r-devel-windows-ix86+x86_64 0.6.1 102.00 119.00 221.00 OK
r-devel-windows-ix86+x86_64-gcc8 0.6.1 150.00 94.00 244.00 OK
r-patched-linux-x86_64 0.6.1 36.73 39.40 76.13 OK
r-release-linux-x86_64 0.6.1 35.49 38.90 74.39 OK
r-release-windows-ix86+x86_64 0.6.1 87.00 87.00 174.00 OK
r-release-osx-x86_64 0.6.1 NOTE
r-oldrel-windows-ix86+x86_64 0.6.1 87.00 76.00 163.00 OK
r-oldrel-osx-x86_64 0.6.1 NOTE

Additional issues

clang-UBSAN

Check Details

Version: 0.6.1
Check: data for non-ASCII characters
Result: NOTE
     Note: found 12 marked UTF-8 strings
Flavors: r-devel-linux-x86_64-fedora-clang, r-devel-linux-x86_64-fedora-gcc, r-release-osx-x86_64, r-oldrel-osx-x86_64